{"id":1516,"date":"2018-06-29T17:04:23","date_gmt":"2018-06-29T20:04:23","guid":{"rendered":"http:\/\/gbnet.com.br\/v3\/?page_id=1516"},"modified":"2019-01-22T15:08:06","modified_gmt":"2019-01-22T18:08:06","slug":"escapee","status":"publish","type":"page","link":"http:\/\/gbnet.com.br\/v3\/escapee\/","title":{"rendered":"EscapeE"},"content":{"rendered":"<p class=\"TextoNormal\">Al\u00e9m de checar a impress\u00e3o, com o\u00a0<span class=\"TextoBold\">EscapeE<\/span>\u00a0tamb\u00e9m \u00e9 poss\u00edvel compartilhar eletronicamente os arquivos PCL, extrair e exportar dados, re-imprimir partes de um documento e tamb\u00e9m convert\u00ea-lo para diversos formatos, como TIFF e PDF, para arquivamento, ou IMG e AFP, para impress\u00e3o em equipamentos de produ\u00e7\u00e3o Xerox e IBM.<\/p>\n<p class=\"TextoNormal\">Criar um arquivo PCL \u00e9 t\u00e3o simples quanto imprimir qualquer documento de uma aplica\u00e7\u00e3o Windows, escolhendo \u201cimprimir em arquivo\u201d, ao inv\u00e9s de enviar para a impressora.<\/p>\n<p align=\"center\"><img data-recalc-dims=\"1\" decoding=\"async\" src=\"https:\/\/i0.wp.com\/www.gbnet.com.br\/v2\/images\/escapee_diagram.gif?w=1140\" border=\"0\" \/><\/p>\n<p class=\"TextoNormal\">Seus arquivos PCL, como Notas Fiscais, por exemplo, s\u00e3o enviadas para a impressora e tamb\u00e9m para o<span class=\"TextoBold\">EscapeE<\/span>, que as converter\u00e1 para PDFs, para serem arquivados, enviados por e-mail e visualizados no monitor, tornando f\u00e1cil sua pesquisa e compartilhamento, entre outras vantagens.<\/p>\n<p class=\"TextoBold\" align=\"center\"><a href=\"mailto:%20comercial@gbnet.com.br\">N\u00e3o espere!<br \/>\nConsulte-nos para o desenvolvimento de um projeto!<\/a><\/p>\n<p class=\"ItemLista2\"><img data-recalc-dims=\"1\" loading=\"lazy\" decoding=\"async\" src=\"https:\/\/i0.wp.com\/www.gbnet.com.br\/v2\/images\/logo_redtitan_72x60.png?resize=73%2C60\" width=\"73\" height=\"60\" \/><br \/>\nA GB Network &amp; Print \u00e9 a distribuidora oficial, no Brasil, do software de visualiza\u00e7\u00e3o e convers\u00e3o de arquivos PCL EscapeE.<\/p>\n","protected":false},"excerpt":{"rendered":"<p>Al\u00e9m de checar a impress\u00e3o, com o\u00a0EscapeE\u00a0tamb\u00e9m \u00e9 poss\u00edvel compartilhar eletronicamente os arquivos PCL, extrair e exportar dados, re-imprimir partes de um documento e tamb\u00e9m convert\u00ea-lo para diversos formatos, como TIFF e PDF, para arquivamento, ou IMG e AFP, para impress\u00e3o em equipamentos de produ\u00e7\u00e3o Xerox e IBM. Criar um arquivo PCL \u00e9 t\u00e3o simples &hellip;<\/p>\n","protected":false},"author":1,"featured_media":0,"parent":0,"menu_order":0,"comment_status":"closed","ping_status":"closed","template":"","meta":{"_acf_changed":false,"jetpack_post_was_ever_published":false,"_joinchat":[],"footnotes":""},"class_list":["post-1516","page","type-page","status-publish","hentry"],"acf":[],"yoast_head":"<!-- This site is optimized with the Yoast SEO plugin v27.4 - https:\/\/yoast.com\/product\/yoast-seo-wordpress\/ -->\n<title>EscapeE -<\/title>\n<meta name=\"robots\" content=\"index, follow, max-snippet:-1, max-image-preview:large, max-video-preview:-1\" \/>\n<link rel=\"canonical\" href=\"http:\/\/gbnet.com.br\/v3\/escapee\/\" \/>\n<meta property=\"og:locale\" content=\"pt_BR\" \/>\n<meta property=\"og:type\" content=\"article\" \/>\n<meta property=\"og:title\" content=\"EscapeE -\" \/>\n<meta property=\"og:description\" content=\"Al\u00e9m de checar a impress\u00e3o, com o\u00a0EscapeE\u00a0tamb\u00e9m \u00e9 poss\u00edvel compartilhar eletronicamente os arquivos PCL, extrair e exportar dados, re-imprimir partes de um documento e tamb\u00e9m convert\u00ea-lo para diversos formatos, como TIFF e PDF, para arquivamento, ou IMG e AFP, para impress\u00e3o em equipamentos de produ\u00e7\u00e3o Xerox e IBM. Criar um arquivo PCL \u00e9 t\u00e3o simples &hellip;\" \/>\n<meta property=\"og:url\" content=\"http:\/\/gbnet.com.br\/v3\/escapee\/\" \/>\n<meta property=\"article:modified_time\" content=\"2019-01-22T18:08:06+00:00\" \/>\n<meta property=\"og:image\" content=\"http:\/\/www.gbnet.com.br\/v2\/images\/escapee_diagram.gif\" \/>\n<meta name=\"twitter:card\" content=\"summary_large_image\" \/>\n<meta name=\"twitter:label1\" content=\"Est. tempo de leitura\" \/>\n\t<meta name=\"twitter:data1\" content=\"1 minuto\" \/>\n<script type=\"application\/ld+json\" class=\"yoast-schema-graph\">{\"@context\":\"https:\\\/\\\/schema.org\",\"@graph\":[{\"@type\":\"WebPage\",\"@id\":\"http:\\\/\\\/gbnet.com.br\\\/v3\\\/escapee\\\/\",\"url\":\"http:\\\/\\\/gbnet.com.br\\\/v3\\\/escapee\\\/\",\"name\":\"EscapeE -\",\"isPartOf\":{\"@id\":\"http:\\\/\\\/gbnet.com.br\\\/v3\\\/#website\"},\"primaryImageOfPage\":{\"@id\":\"http:\\\/\\\/gbnet.com.br\\\/v3\\\/escapee\\\/#primaryimage\"},\"image\":{\"@id\":\"http:\\\/\\\/gbnet.com.br\\\/v3\\\/escapee\\\/#primaryimage\"},\"thumbnailUrl\":\"http:\\\/\\\/www.gbnet.com.br\\\/v2\\\/images\\\/escapee_diagram.gif\",\"datePublished\":\"2018-06-29T20:04:23+00:00\",\"dateModified\":\"2019-01-22T18:08:06+00:00\",\"breadcrumb\":{\"@id\":\"http:\\\/\\\/gbnet.com.br\\\/v3\\\/escapee\\\/#breadcrumb\"},\"inLanguage\":\"pt-BR\",\"potentialAction\":[{\"@type\":\"ReadAction\",\"target\":[\"http:\\\/\\\/gbnet.com.br\\\/v3\\\/escapee\\\/\"]}]},{\"@type\":\"ImageObject\",\"inLanguage\":\"pt-BR\",\"@id\":\"http:\\\/\\\/gbnet.com.br\\\/v3\\\/escapee\\\/#primaryimage\",\"url\":\"http:\\\/\\\/www.gbnet.com.br\\\/v2\\\/images\\\/escapee_diagram.gif\",\"contentUrl\":\"http:\\\/\\\/www.gbnet.com.br\\\/v2\\\/images\\\/escapee_diagram.gif\"},{\"@type\":\"BreadcrumbList\",\"@id\":\"http:\\\/\\\/gbnet.com.br\\\/v3\\\/escapee\\\/#breadcrumb\",\"itemListElement\":[{\"@type\":\"ListItem\",\"position\":1,\"name\":\"In\u00edcio\",\"item\":\"http:\\\/\\\/gbnet.com.br\\\/v3\\\/\"},{\"@type\":\"ListItem\",\"position\":2,\"name\":\"EscapeE\"}]},{\"@type\":\"WebSite\",\"@id\":\"http:\\\/\\\/gbnet.com.br\\\/v3\\\/#website\",\"url\":\"http:\\\/\\\/gbnet.com.br\\\/v3\\\/\",\"name\":\"\",\"description\":\"Transformamos dados em informa\u00e7\u00f5es - GB Network &amp; Print\",\"publisher\":{\"@id\":\"http:\\\/\\\/gbnet.com.br\\\/v3\\\/#organization\"},\"potentialAction\":[{\"@type\":\"SearchAction\",\"target\":{\"@type\":\"EntryPoint\",\"urlTemplate\":\"http:\\\/\\\/gbnet.com.br\\\/v3\\\/?s={search_term_string}\"},\"query-input\":{\"@type\":\"PropertyValueSpecification\",\"valueRequired\":true,\"valueName\":\"search_term_string\"}}],\"inLanguage\":\"pt-BR\"},{\"@type\":\"Organization\",\"@id\":\"http:\\\/\\\/gbnet.com.br\\\/v3\\\/#organization\",\"name\":\"GB Network & Print\",\"url\":\"http:\\\/\\\/gbnet.com.br\\\/v3\\\/\",\"logo\":{\"@type\":\"ImageObject\",\"inLanguage\":\"pt-BR\",\"@id\":\"http:\\\/\\\/gbnet.com.br\\\/v3\\\/#\\\/schema\\\/logo\\\/image\\\/\",\"url\":\"https:\\\/\\\/i0.wp.com\\\/gbnet.com.br\\\/v3\\\/wp-content\\\/uploads\\\/2018\\\/03\\\/logoGB-OK-e1521838575299.png?fit=120%2C122\",\"contentUrl\":\"https:\\\/\\\/i0.wp.com\\\/gbnet.com.br\\\/v3\\\/wp-content\\\/uploads\\\/2018\\\/03\\\/logoGB-OK-e1521838575299.png?fit=120%2C122\",\"width\":120,\"height\":122,\"caption\":\"GB Network & Print\"},\"image\":{\"@id\":\"http:\\\/\\\/gbnet.com.br\\\/v3\\\/#\\\/schema\\\/logo\\\/image\\\/\"}}]}<\/script>\n<!-- \/ Yoast SEO plugin. -->","yoast_head_json":{"title":"EscapeE -","robots":{"index":"index","follow":"follow","max-snippet":"max-snippet:-1","max-image-preview":"max-image-preview:large","max-video-preview":"max-video-preview:-1"},"canonical":"http:\/\/gbnet.com.br\/v3\/escapee\/","og_locale":"pt_BR","og_type":"article","og_title":"EscapeE -","og_description":"Al\u00e9m de checar a impress\u00e3o, com o\u00a0EscapeE\u00a0tamb\u00e9m \u00e9 poss\u00edvel compartilhar eletronicamente os arquivos PCL, extrair e exportar dados, re-imprimir partes de um documento e tamb\u00e9m convert\u00ea-lo para diversos formatos, como TIFF e PDF, para arquivamento, ou IMG e AFP, para impress\u00e3o em equipamentos de produ\u00e7\u00e3o Xerox e IBM. Criar um arquivo PCL \u00e9 t\u00e3o simples &hellip;","og_url":"http:\/\/gbnet.com.br\/v3\/escapee\/","article_modified_time":"2019-01-22T18:08:06+00:00","og_image":[{"url":"http:\/\/www.gbnet.com.br\/v2\/images\/escapee_diagram.gif","type":"","width":"","height":""}],"twitter_card":"summary_large_image","twitter_misc":{"Est. tempo de leitura":"1 minuto"},"schema":{"@context":"https:\/\/schema.org","@graph":[{"@type":"WebPage","@id":"http:\/\/gbnet.com.br\/v3\/escapee\/","url":"http:\/\/gbnet.com.br\/v3\/escapee\/","name":"EscapeE -","isPartOf":{"@id":"http:\/\/gbnet.com.br\/v3\/#website"},"primaryImageOfPage":{"@id":"http:\/\/gbnet.com.br\/v3\/escapee\/#primaryimage"},"image":{"@id":"http:\/\/gbnet.com.br\/v3\/escapee\/#primaryimage"},"thumbnailUrl":"http:\/\/www.gbnet.com.br\/v2\/images\/escapee_diagram.gif","datePublished":"2018-06-29T20:04:23+00:00","dateModified":"2019-01-22T18:08:06+00:00","breadcrumb":{"@id":"http:\/\/gbnet.com.br\/v3\/escapee\/#breadcrumb"},"inLanguage":"pt-BR","potentialAction":[{"@type":"ReadAction","target":["http:\/\/gbnet.com.br\/v3\/escapee\/"]}]},{"@type":"ImageObject","inLanguage":"pt-BR","@id":"http:\/\/gbnet.com.br\/v3\/escapee\/#primaryimage","url":"http:\/\/www.gbnet.com.br\/v2\/images\/escapee_diagram.gif","contentUrl":"http:\/\/www.gbnet.com.br\/v2\/images\/escapee_diagram.gif"},{"@type":"BreadcrumbList","@id":"http:\/\/gbnet.com.br\/v3\/escapee\/#breadcrumb","itemListElement":[{"@type":"ListItem","position":1,"name":"In\u00edcio","item":"http:\/\/gbnet.com.br\/v3\/"},{"@type":"ListItem","position":2,"name":"EscapeE"}]},{"@type":"WebSite","@id":"http:\/\/gbnet.com.br\/v3\/#website","url":"http:\/\/gbnet.com.br\/v3\/","name":"","description":"Transformamos dados em informa\u00e7\u00f5es - GB Network &amp; Print","publisher":{"@id":"http:\/\/gbnet.com.br\/v3\/#organization"},"potentialAction":[{"@type":"SearchAction","target":{"@type":"EntryPoint","urlTemplate":"http:\/\/gbnet.com.br\/v3\/?s={search_term_string}"},"query-input":{"@type":"PropertyValueSpecification","valueRequired":true,"valueName":"search_term_string"}}],"inLanguage":"pt-BR"},{"@type":"Organization","@id":"http:\/\/gbnet.com.br\/v3\/#organization","name":"GB Network & Print","url":"http:\/\/gbnet.com.br\/v3\/","logo":{"@type":"ImageObject","inLanguage":"pt-BR","@id":"http:\/\/gbnet.com.br\/v3\/#\/schema\/logo\/image\/","url":"https:\/\/i0.wp.com\/gbnet.com.br\/v3\/wp-content\/uploads\/2018\/03\/logoGB-OK-e1521838575299.png?fit=120%2C122","contentUrl":"https:\/\/i0.wp.com\/gbnet.com.br\/v3\/wp-content\/uploads\/2018\/03\/logoGB-OK-e1521838575299.png?fit=120%2C122","width":120,"height":122,"caption":"GB Network & Print"},"image":{"@id":"http:\/\/gbnet.com.br\/v3\/#\/schema\/logo\/image\/"}}]}},"jetpack_sharing_enabled":true,"jetpack_shortlink":"https:\/\/wp.me\/Pagaz2-os","jetpack-related-posts":[{"id":1508,"url":"http:\/\/gbnet.com.br\/v3\/gerenciamento-de-documentos\/","url_meta":{"origin":1516,"position":0},"title":"Gerenciamento de Documentos","author":"","date":false,"format":false,"excerpt":"A GB Network & Print, pioneira e l\u00edder nesse segmento, tem a solu\u00e7\u00e3o que voc\u00ea procura: Solu\u00e7\u00e3o processar, compartilhar digitalmente arquivos,\u00a0 extrair e exportar dados, re-imprimir partes de um documento e ainda convert\u00ea-lo para diversos formatos. Clique aqui para mais informa\u00e7\u00f5es... Solu\u00e7\u00e3o que permite compartilhar eletronicamente arquivos PCL, extrair e\u2026","rel":"","context":"Post similar","block_context":{"text":"Post similar","link":""},"img":{"alt_text":"","src":"https:\/\/i0.wp.com\/gbnet.com.br\/v3\/wp-content\/uploads\/2018\/06\/AccuRoute.jpg?resize=350%2C200","width":350,"height":200},"classes":[]},{"id":2309,"url":"http:\/\/gbnet.com.br\/v3\/readypdf-software-para-otimizacao-de-documentos-pdf\/","url_meta":{"origin":1516,"position":1},"title":"ReadyPDF \u2013 Software para otimiza\u00e7\u00e3o de documentos PDF","author":"","date":false,"format":false,"excerpt":"ReadyPDF \u00e9 a mais recente inova\u00e7\u00e3o da Solimar, empresa americana l\u00edder em tratamento de dados, a qual a GB \u00e9 distribuidor no Brasil. Com o ReadyPDF voc\u00ea otimiza arquivos PDF para que sejam processados com mais efici\u00eancia, seja para envio por meio eletr\u00f4nico, arquivamento ou impress\u00e3o em produ\u00e7\u00e3o. O ReadyPDF\u2026","rel":"","context":"Post similar","block_context":{"text":"Post similar","link":""},"img":{"alt_text":"","src":"https:\/\/i0.wp.com\/gbnet.com.br\/v3\/wp-content\/uploads\/2021\/02\/ReadyPDF.png?resize=350%2C200","width":350,"height":200,"srcset":"https:\/\/i0.wp.com\/gbnet.com.br\/v3\/wp-content\/uploads\/2021\/02\/ReadyPDF.png?resize=350%2C200 1x, https:\/\/i0.wp.com\/gbnet.com.br\/v3\/wp-content\/uploads\/2021\/02\/ReadyPDF.png?resize=525%2C300 1.5x"},"classes":[]},{"id":1866,"url":"http:\/\/gbnet.com.br\/v3\/desenvolvimento-em-linguagem-pcl\/","url_meta":{"origin":1516,"position":2},"title":"Desenvolvimento em Linguagem PCL","author":"","date":false,"format":false,"excerpt":"A GB Network & Print \u00e9 a empresa Brasileira n\u00famero 1 no desenvolvimento de aplica\u00e7\u00f5es PCL para impressoras laser. Com mais de 17 anos mercado e profissionais com mais de 20 anos de conhecimento nessa linguagem, nossa empresa pode oferecer os seguintes servi\u00e7os: \u00a0Consultoria em programa\u00e7\u00e3o PCL; \u00a0Convers\u00e3o para PCL\u2026","rel":"","context":"Post similar","block_context":{"text":"Post similar","link":""},"img":{"alt_text":"","src":"https:\/\/i0.wp.com\/www.gbnet.com.br\/v2\/images\/PCL_diagram_small.png?resize=350%2C200","width":350,"height":200},"classes":[]},{"id":1492,"url":"http:\/\/gbnet.com.br\/v3\/dadosvariaveis\/","url_meta":{"origin":1516,"position":3},"title":"VDP","author":"","date":false,"format":false,"excerpt":"N\u00e3o importa qual sua necessidade com rela\u00e7\u00e3o gera\u00e7\u00e3o e impress\u00e3o de dados vari\u00e1veis. A GB Network & Print, pioneira e l\u00edder nesse segmento, tem a solu\u00e7\u00e3o que voc\u00ea procura: As solu\u00e7\u00f5es de VDP (Variable Data Print) visam a impress\u00e3o de documentos e formul\u00e1rios com dados vari\u00e1veis facilitando assim a comunica\u00e7\u00e3o\u2026","rel":"","context":"Post similar","block_context":{"text":"Post similar","link":""},"img":{"alt_text":"","src":"https:\/\/i0.wp.com\/www.gbnet.com.br\/v2\/images\/vdp_340x120.png?resize=350%2C200","width":350,"height":200},"classes":[]},{"id":1473,"url":"http:\/\/gbnet.com.br\/v3\/printevolve\/","url_meta":{"origin":1516,"position":4},"title":"PrintEvolve","author":"","date":false,"format":false,"excerpt":"A Suite PrintEvolve \u00e9 a solu\u00e7\u00e3o \u201call-in-one\u201d para qualquer organiza\u00e7\u00e3o que procura otimizar o seu ambiente de impress\u00e3o e permitir\u00e1 facilmente: Manter uma consci\u00eancia permanente de atividade das impressoras e Multi-funcionais, melhorando o controle e bilhetagem; Gerenciar proativamente a atividade do usu\u00e1rio para diminuir os custos e reduzir o desperd\u00edcio;\u2026","rel":"","context":"Post similar","block_context":{"text":"Post similar","link":""},"img":{"alt_text":"PE-job-accounting","src":"https:\/\/i0.wp.com\/www.gbnet.com.br\/blog\/wp-content\/uploads\/PEjobaccounting_thumb.png?resize=350%2C200","width":350,"height":200},"classes":[]},{"id":2206,"url":"http:\/\/gbnet.com.br\/v3\/bardimm-solucao-para-impressao-de-codigo-de-barras-no-sap-windows-oracle-e-outros-erps\/","url_meta":{"origin":1516,"position":5},"title":"BarDIMM solu\u00e7\u00e3o para impress\u00e3o de c\u00f3digo de barras no SAP, Windows, Oracle e outros ERPs","author":"","date":false,"format":false,"excerpt":"As solu\u00e7\u00f5es Jetmobile BarDIMM Pro e BarDIMM Box s\u00e3o solu\u00e7\u00f5es de c\u00f3digos de barras inteligentes, independentes de plataforma, para impressoras a laser, copiadoras e impressoras a jato de tinta compat\u00edveis com PCL5. Permite imprimir c\u00f3digos de barras no SAP, Windows e outros ERPs com muita facilidade, sem usar nenhum middleware.\u2026","rel":"","context":"Post similar","block_context":{"text":"Post similar","link":""},"img":{"alt_text":"","src":"https:\/\/i0.wp.com\/gbnet.com.br\/v3\/wp-content\/uploads\/2020\/09\/Barcode.jpg?resize=350%2C200","width":350,"height":200,"srcset":"https:\/\/i0.wp.com\/gbnet.com.br\/v3\/wp-content\/uploads\/2020\/09\/Barcode.jpg?resize=350%2C200 1x, https:\/\/i0.wp.com\/gbnet.com.br\/v3\/wp-content\/uploads\/2020\/09\/Barcode.jpg?resize=525%2C300 1.5x, https:\/\/i0.wp.com\/gbnet.com.br\/v3\/wp-content\/uploads\/2020\/09\/Barcode.jpg?resize=700%2C400 2x, https:\/\/i0.wp.com\/gbnet.com.br\/v3\/wp-content\/uploads\/2020\/09\/Barcode.jpg?resize=1050%2C600 3x, https:\/\/i0.wp.com\/gbnet.com.br\/v3\/wp-content\/uploads\/2020\/09\/Barcode.jpg?resize=1400%2C800 4x"},"classes":[]}],"_links":{"self":[{"href":"http:\/\/gbnet.com.br\/v3\/wp-json\/wp\/v2\/pages\/1516","targetHints":{"allow":["GET"]}}],"collection":[{"href":"http:\/\/gbnet.com.br\/v3\/wp-json\/wp\/v2\/pages"}],"about":[{"href":"http:\/\/gbnet.com.br\/v3\/wp-json\/wp\/v2\/types\/page"}],"author":[{"embeddable":true,"href":"http:\/\/gbnet.com.br\/v3\/wp-json\/wp\/v2\/users\/1"}],"replies":[{"embeddable":true,"href":"http:\/\/gbnet.com.br\/v3\/wp-json\/wp\/v2\/comments?post=1516"}],"version-history":[{"count":2,"href":"http:\/\/gbnet.com.br\/v3\/wp-json\/wp\/v2\/pages\/1516\/revisions"}],"predecessor-version":[{"id":1916,"href":"http:\/\/gbnet.com.br\/v3\/wp-json\/wp\/v2\/pages\/1516\/revisions\/1916"}],"wp:attachment":[{"href":"http:\/\/gbnet.com.br\/v3\/wp-json\/wp\/v2\/media?parent=1516"}],"curies":[{"name":"wp","href":"https:\/\/api.w.org\/{rel}","templated":true}]}}