{"id":1595,"date":"2018-07-23T14:44:04","date_gmt":"2018-07-23T17:44:04","guid":{"rendered":"http:\/\/gbnet.com.br\/v3\/?page_id=1595"},"modified":"2018-07-23T14:44:04","modified_gmt":"2018-07-23T17:44:04","slug":"sobre-a-gb","status":"publish","type":"page","link":"http:\/\/gbnet.com.br\/v3\/sobre-a-gb\/","title":{"rendered":"Sobre a GB"},"content":{"rendered":"<p class=\"TextoNormal\">A GB iniciou suas atividades em 1995 em S\u00e3o Paulo, capital, onde est\u00e1 estabelecida h\u00e1 20 anos, atuando no mercado de consultoria em TI, auxiliando clientes de todos os tamanhos e diversos segmentos.<\/p>\n<p class=\"TextoNormal\">Refer\u00eancia em solu\u00e7\u00f5es de impress\u00e3o, transforma\u00e7\u00e3o de dados e gera\u00e7\u00e3o de informa\u00e7\u00e3o, a GB tem parceria com fabricantes de dispositivos de impress\u00e3o, revendas e integradores.<\/p>\n<p class=\"TextoNormal\">Guiada pela sua miss\u00e3o, a GB auxilia seus clientes a encontrar a melhor solu\u00e7\u00e3o tecnol\u00f3gica para seus desejos e necessidades!<\/p>\n<p><img data-recalc-dims=\"1\" decoding=\"async\" class=\"alignleft\" src=\"https:\/\/i0.wp.com\/www.gbnet.com.br\/v2\/img\/SobreGB.jpg?w=1140\" \/><\/p>\n<p class=\"TextoBigRed\"><strong>Miss\u00e3o<\/strong><\/p>\n<blockquote>\n<p class=\"TextoNormal\"><strong><span class=\"style1\">\u00ba<\/span>\u00a0<\/strong>Transformar necessidades e desejos de clientes e parceiros na melhor solu\u00e7\u00e3o tecnol\u00f3gica.<\/p>\n<\/blockquote>\n<p class=\"TextoBigRed\"><strong>Vis\u00e3o<\/strong><\/p>\n<blockquote>\n<p class=\"TextoNormal\"><strong><span class=\"style1\">\u00ba<\/span>\u00a0<\/strong>Ser refer\u00eancia no mercado como empresa de solu\u00e7\u00f5es, fiel aos valores, buscando crescer e conquistar sua posi\u00e7\u00e3o como parceiro estrat\u00e9gico global dos clientes.<\/p>\n<\/blockquote>\n<p>&nbsp;<\/p>\n<p class=\"TextoBigRed\"><strong>Valores<\/strong><\/p>\n<blockquote>\n<p class=\"TextoNormal\" align=\"left\"><strong><span class=\"style1\">\u00ba<\/span>\u00a0\u00c9tica<br \/>\n<span class=\"style1\">\u00ba<\/span>\u00a0Comprometimento<span class=\"style1\"><br \/>\n\u00ba<\/span>\u00a0Qualidade<br \/>\n<span class=\"style1\">\u00ba<\/span>\u00a0Transpar\u00eancia<br \/>\n<span class=\"style1\">\u00ba<\/span>\u00a0Esp\u00edrito de Equipe<br \/>\n<span class=\"style1\">\u00ba<\/span>\u00a0Inova\u00e7\u00e3o<br \/>\n<span class=\"style1\">\u00ba<\/span>\u00a0Sustentabilidade<\/strong><\/p>\n<\/blockquote>\n","protected":false},"excerpt":{"rendered":"<p>A GB iniciou suas atividades em 1995 em S\u00e3o Paulo, capital, onde est\u00e1 estabelecida h\u00e1 20 anos, atuando no mercado de consultoria em TI, auxiliando clientes de todos os tamanhos e diversos segmentos. Refer\u00eancia em solu\u00e7\u00f5es de impress\u00e3o, transforma\u00e7\u00e3o de dados e gera\u00e7\u00e3o de informa\u00e7\u00e3o, a GB tem parceria com fabricantes de dispositivos de impress\u00e3o, &hellip;<\/p>\n","protected":false},"author":1,"featured_media":0,"parent":0,"menu_order":0,"comment_status":"closed","ping_status":"closed","template":"","meta":{"_acf_changed":false,"jetpack_post_was_ever_published":false,"_joinchat":[],"footnotes":""},"class_list":["post-1595","page","type-page","status-publish","hentry"],"acf":[],"yoast_head":"<!-- This site is optimized with the Yoast SEO plugin v27.4 - https:\/\/yoast.com\/product\/yoast-seo-wordpress\/ -->\n<title>Sobre a GB -<\/title>\n<meta name=\"robots\" content=\"index, follow, max-snippet:-1, max-image-preview:large, max-video-preview:-1\" \/>\n<link rel=\"canonical\" href=\"http:\/\/gbnet.com.br\/v3\/sobre-a-gb\/\" \/>\n<meta property=\"og:locale\" content=\"pt_BR\" \/>\n<meta property=\"og:type\" content=\"article\" \/>\n<meta property=\"og:title\" content=\"Sobre a GB -\" \/>\n<meta property=\"og:description\" content=\"A GB iniciou suas atividades em 1995 em S\u00e3o Paulo, capital, onde est\u00e1 estabelecida h\u00e1 20 anos, atuando no mercado de consultoria em TI, auxiliando clientes de todos os tamanhos e diversos segmentos. Refer\u00eancia em solu\u00e7\u00f5es de impress\u00e3o, transforma\u00e7\u00e3o de dados e gera\u00e7\u00e3o de informa\u00e7\u00e3o, a GB tem parceria com fabricantes de dispositivos de impress\u00e3o, &hellip;\" \/>\n<meta property=\"og:url\" content=\"http:\/\/gbnet.com.br\/v3\/sobre-a-gb\/\" \/>\n<meta property=\"og:image\" content=\"http:\/\/www.gbnet.com.br\/v2\/img\/SobreGB.jpg\" \/>\n<meta name=\"twitter:card\" content=\"summary_large_image\" \/>\n<meta name=\"twitter:label1\" content=\"Est. tempo de leitura\" \/>\n\t<meta name=\"twitter:data1\" content=\"1 minuto\" \/>\n<script type=\"application\/ld+json\" class=\"yoast-schema-graph\">{\"@context\":\"https:\\\/\\\/schema.org\",\"@graph\":[{\"@type\":\"WebPage\",\"@id\":\"http:\\\/\\\/gbnet.com.br\\\/v3\\\/sobre-a-gb\\\/\",\"url\":\"http:\\\/\\\/gbnet.com.br\\\/v3\\\/sobre-a-gb\\\/\",\"name\":\"Sobre a GB -\",\"isPartOf\":{\"@id\":\"http:\\\/\\\/gbnet.com.br\\\/v3\\\/#website\"},\"primaryImageOfPage\":{\"@id\":\"http:\\\/\\\/gbnet.com.br\\\/v3\\\/sobre-a-gb\\\/#primaryimage\"},\"image\":{\"@id\":\"http:\\\/\\\/gbnet.com.br\\\/v3\\\/sobre-a-gb\\\/#primaryimage\"},\"thumbnailUrl\":\"http:\\\/\\\/www.gbnet.com.br\\\/v2\\\/img\\\/SobreGB.jpg\",\"datePublished\":\"2018-07-23T17:44:04+00:00\",\"breadcrumb\":{\"@id\":\"http:\\\/\\\/gbnet.com.br\\\/v3\\\/sobre-a-gb\\\/#breadcrumb\"},\"inLanguage\":\"pt-BR\",\"potentialAction\":[{\"@type\":\"ReadAction\",\"target\":[\"http:\\\/\\\/gbnet.com.br\\\/v3\\\/sobre-a-gb\\\/\"]}]},{\"@type\":\"ImageObject\",\"inLanguage\":\"pt-BR\",\"@id\":\"http:\\\/\\\/gbnet.com.br\\\/v3\\\/sobre-a-gb\\\/#primaryimage\",\"url\":\"http:\\\/\\\/www.gbnet.com.br\\\/v2\\\/img\\\/SobreGB.jpg\",\"contentUrl\":\"http:\\\/\\\/www.gbnet.com.br\\\/v2\\\/img\\\/SobreGB.jpg\"},{\"@type\":\"BreadcrumbList\",\"@id\":\"http:\\\/\\\/gbnet.com.br\\\/v3\\\/sobre-a-gb\\\/#breadcrumb\",\"itemListElement\":[{\"@type\":\"ListItem\",\"position\":1,\"name\":\"In\u00edcio\",\"item\":\"http:\\\/\\\/gbnet.com.br\\\/v3\\\/\"},{\"@type\":\"ListItem\",\"position\":2,\"name\":\"Sobre a GB\"}]},{\"@type\":\"WebSite\",\"@id\":\"http:\\\/\\\/gbnet.com.br\\\/v3\\\/#website\",\"url\":\"http:\\\/\\\/gbnet.com.br\\\/v3\\\/\",\"name\":\"\",\"description\":\"Transformamos dados em informa\u00e7\u00f5es - GB Network &amp; Print\",\"publisher\":{\"@id\":\"http:\\\/\\\/gbnet.com.br\\\/v3\\\/#organization\"},\"potentialAction\":[{\"@type\":\"SearchAction\",\"target\":{\"@type\":\"EntryPoint\",\"urlTemplate\":\"http:\\\/\\\/gbnet.com.br\\\/v3\\\/?s={search_term_string}\"},\"query-input\":{\"@type\":\"PropertyValueSpecification\",\"valueRequired\":true,\"valueName\":\"search_term_string\"}}],\"inLanguage\":\"pt-BR\"},{\"@type\":\"Organization\",\"@id\":\"http:\\\/\\\/gbnet.com.br\\\/v3\\\/#organization\",\"name\":\"GB Network & Print\",\"url\":\"http:\\\/\\\/gbnet.com.br\\\/v3\\\/\",\"logo\":{\"@type\":\"ImageObject\",\"inLanguage\":\"pt-BR\",\"@id\":\"http:\\\/\\\/gbnet.com.br\\\/v3\\\/#\\\/schema\\\/logo\\\/image\\\/\",\"url\":\"https:\\\/\\\/i0.wp.com\\\/gbnet.com.br\\\/v3\\\/wp-content\\\/uploads\\\/2018\\\/03\\\/logoGB-OK-e1521838575299.png?fit=120%2C122\",\"contentUrl\":\"https:\\\/\\\/i0.wp.com\\\/gbnet.com.br\\\/v3\\\/wp-content\\\/uploads\\\/2018\\\/03\\\/logoGB-OK-e1521838575299.png?fit=120%2C122\",\"width\":120,\"height\":122,\"caption\":\"GB Network & Print\"},\"image\":{\"@id\":\"http:\\\/\\\/gbnet.com.br\\\/v3\\\/#\\\/schema\\\/logo\\\/image\\\/\"}}]}<\/script>\n<!-- \/ Yoast SEO plugin. -->","yoast_head_json":{"title":"Sobre a GB -","robots":{"index":"index","follow":"follow","max-snippet":"max-snippet:-1","max-image-preview":"max-image-preview:large","max-video-preview":"max-video-preview:-1"},"canonical":"http:\/\/gbnet.com.br\/v3\/sobre-a-gb\/","og_locale":"pt_BR","og_type":"article","og_title":"Sobre a GB -","og_description":"A GB iniciou suas atividades em 1995 em S\u00e3o Paulo, capital, onde est\u00e1 estabelecida h\u00e1 20 anos, atuando no mercado de consultoria em TI, auxiliando clientes de todos os tamanhos e diversos segmentos. Refer\u00eancia em solu\u00e7\u00f5es de impress\u00e3o, transforma\u00e7\u00e3o de dados e gera\u00e7\u00e3o de informa\u00e7\u00e3o, a GB tem parceria com fabricantes de dispositivos de impress\u00e3o, &hellip;","og_url":"http:\/\/gbnet.com.br\/v3\/sobre-a-gb\/","og_image":[{"url":"http:\/\/www.gbnet.com.br\/v2\/img\/SobreGB.jpg","type":"","width":"","height":""}],"twitter_card":"summary_large_image","twitter_misc":{"Est. tempo de leitura":"1 minuto"},"schema":{"@context":"https:\/\/schema.org","@graph":[{"@type":"WebPage","@id":"http:\/\/gbnet.com.br\/v3\/sobre-a-gb\/","url":"http:\/\/gbnet.com.br\/v3\/sobre-a-gb\/","name":"Sobre a GB -","isPartOf":{"@id":"http:\/\/gbnet.com.br\/v3\/#website"},"primaryImageOfPage":{"@id":"http:\/\/gbnet.com.br\/v3\/sobre-a-gb\/#primaryimage"},"image":{"@id":"http:\/\/gbnet.com.br\/v3\/sobre-a-gb\/#primaryimage"},"thumbnailUrl":"http:\/\/www.gbnet.com.br\/v2\/img\/SobreGB.jpg","datePublished":"2018-07-23T17:44:04+00:00","breadcrumb":{"@id":"http:\/\/gbnet.com.br\/v3\/sobre-a-gb\/#breadcrumb"},"inLanguage":"pt-BR","potentialAction":[{"@type":"ReadAction","target":["http:\/\/gbnet.com.br\/v3\/sobre-a-gb\/"]}]},{"@type":"ImageObject","inLanguage":"pt-BR","@id":"http:\/\/gbnet.com.br\/v3\/sobre-a-gb\/#primaryimage","url":"http:\/\/www.gbnet.com.br\/v2\/img\/SobreGB.jpg","contentUrl":"http:\/\/www.gbnet.com.br\/v2\/img\/SobreGB.jpg"},{"@type":"BreadcrumbList","@id":"http:\/\/gbnet.com.br\/v3\/sobre-a-gb\/#breadcrumb","itemListElement":[{"@type":"ListItem","position":1,"name":"In\u00edcio","item":"http:\/\/gbnet.com.br\/v3\/"},{"@type":"ListItem","position":2,"name":"Sobre a GB"}]},{"@type":"WebSite","@id":"http:\/\/gbnet.com.br\/v3\/#website","url":"http:\/\/gbnet.com.br\/v3\/","name":"","description":"Transformamos dados em informa\u00e7\u00f5es - GB Network &amp; Print","publisher":{"@id":"http:\/\/gbnet.com.br\/v3\/#organization"},"potentialAction":[{"@type":"SearchAction","target":{"@type":"EntryPoint","urlTemplate":"http:\/\/gbnet.com.br\/v3\/?s={search_term_string}"},"query-input":{"@type":"PropertyValueSpecification","valueRequired":true,"valueName":"search_term_string"}}],"inLanguage":"pt-BR"},{"@type":"Organization","@id":"http:\/\/gbnet.com.br\/v3\/#organization","name":"GB Network & Print","url":"http:\/\/gbnet.com.br\/v3\/","logo":{"@type":"ImageObject","inLanguage":"pt-BR","@id":"http:\/\/gbnet.com.br\/v3\/#\/schema\/logo\/image\/","url":"https:\/\/i0.wp.com\/gbnet.com.br\/v3\/wp-content\/uploads\/2018\/03\/logoGB-OK-e1521838575299.png?fit=120%2C122","contentUrl":"https:\/\/i0.wp.com\/gbnet.com.br\/v3\/wp-content\/uploads\/2018\/03\/logoGB-OK-e1521838575299.png?fit=120%2C122","width":120,"height":122,"caption":"GB Network & Print"},"image":{"@id":"http:\/\/gbnet.com.br\/v3\/#\/schema\/logo\/image\/"}}]}},"jetpack_sharing_enabled":true,"jetpack_shortlink":"https:\/\/wp.me\/Pagaz2-pJ","jetpack-related-posts":[{"id":1311,"url":"http:\/\/gbnet.com.br\/v3\/","url_meta":{"origin":1595,"position":0},"title":"Home","author":"","date":false,"format":false,"excerpt":"Leitura de Gabaritos C\u00f3digo de Barras Dados Vari\u00e1veis Automa\u00e7\u00e3o de PDFs Gest\u00e3o de Documentos Seguran\u00e7a de Documentos Parceiros Nossos Valores e Compromisso Transformar necessidades e desejos de clientes e parceiros na melhor solu\u00e7\u00e3o tecnol\u00f3gica.\u00a0Ser refer\u00eancia no mercado como empresa de solu\u00e7\u00f5es, fiel aos valores, buscando crescer e conquistar sua posi\u00e7\u00e3o\u2026","rel":"","context":"Post similar","block_context":{"text":"Post similar","link":""},"img":{"alt_text":"","src":"https:\/\/i0.wp.com\/gbnet.com.br\/v3\/wp-content\/uploads\/2018\/08\/S%C3%A3o-Paulo-Zona-Sul.jpg?resize=350%2C200","width":350,"height":200,"srcset":"https:\/\/i0.wp.com\/gbnet.com.br\/v3\/wp-content\/uploads\/2018\/08\/S%C3%A3o-Paulo-Zona-Sul.jpg?resize=350%2C200 1x, https:\/\/i0.wp.com\/gbnet.com.br\/v3\/wp-content\/uploads\/2018\/08\/S%C3%A3o-Paulo-Zona-Sul.jpg?resize=525%2C300 1.5x, https:\/\/i0.wp.com\/gbnet.com.br\/v3\/wp-content\/uploads\/2018\/08\/S%C3%A3o-Paulo-Zona-Sul.jpg?resize=700%2C400 2x"},"classes":[]},{"id":1492,"url":"http:\/\/gbnet.com.br\/v3\/dadosvariaveis\/","url_meta":{"origin":1595,"position":1},"title":"VDP","author":"","date":false,"format":false,"excerpt":"N\u00e3o importa qual sua necessidade com rela\u00e7\u00e3o gera\u00e7\u00e3o e impress\u00e3o de dados vari\u00e1veis. A GB Network & Print, pioneira e l\u00edder nesse segmento, tem a solu\u00e7\u00e3o que voc\u00ea procura: As solu\u00e7\u00f5es de VDP (Variable Data Print) visam a impress\u00e3o de documentos e formul\u00e1rios com dados vari\u00e1veis facilitando assim a comunica\u00e7\u00e3o\u2026","rel":"","context":"Post similar","block_context":{"text":"Post similar","link":""},"img":{"alt_text":"","src":"https:\/\/i0.wp.com\/www.gbnet.com.br\/v2\/images\/vdp_340x120.png?resize=350%2C200","width":350,"height":200},"classes":[]},{"id":1868,"url":"http:\/\/gbnet.com.br\/v3\/programacao-e-desenvolvimento-em-linguagem-post-script\/","url_meta":{"origin":1595,"position":2},"title":"Programa\u00e7\u00e3o e Desenvolvimento em Linguagem Post Script","author":"","date":false,"format":false,"excerpt":"A GB, pioneira e sem concorr\u00eancia em termos de mercado na \u00e1rea de impress\u00e3o eletr\u00f4nica, destaca-se na realiza\u00e7\u00e3o de servi\u00e7os onde adquire-se solu\u00e7\u00e3o de impress\u00e3o com qualidade e baixo custo. Tudo que a tecnologia nos permitir, unido \u00e0s necessidades do cliente. \u00a0 \u00a0Consultoria em programa\u00e7\u00e3o Post Script; \u00a0Convers\u00e3o em Post\u2026","rel":"","context":"Post similar","block_context":{"text":"Post similar","link":""},"img":{"alt_text":"","src":"https:\/\/i0.wp.com\/www.gbnet.com.br\/v2\/images\/postscript3.png?resize=350%2C200","width":350,"height":200},"classes":[]},{"id":1589,"url":"http:\/\/gbnet.com.br\/v3\/solucoes-lrs\/","url_meta":{"origin":1595,"position":3},"title":"Solu\u00e7\u00f5es LRS","author":"","date":false,"format":false,"excerpt":"\"Desde o in\u00edcio de 2014 GB Network & Print se tornou Distribudor das solu\u00e7\u00f5es LRS no Brasil.\" Em 1979,\u00a0tr\u00eas consultores independentes juntaram esfor\u00e7os para estabelecer a Levi, Ray & Shoup, Inc. - LRS\u00ae. Juntos, eles constru\u00edram uma reputa\u00e7\u00e3o como provedores de servi\u00e7os e sistemas para uma variedade de empresas e\u2026","rel":"","context":"Post similar","block_context":{"text":"Post similar","link":""},"img":{"alt_text":"Fonte Barcode","src":"https:\/\/i0.wp.com\/www.gbnet.com.br\/v2\/images\/LRS_VPSX.png?resize=350%2C200","width":350,"height":200},"classes":[]},{"id":1866,"url":"http:\/\/gbnet.com.br\/v3\/desenvolvimento-em-linguagem-pcl\/","url_meta":{"origin":1595,"position":4},"title":"Desenvolvimento em Linguagem PCL","author":"","date":false,"format":false,"excerpt":"A GB Network & Print \u00e9 a empresa Brasileira n\u00famero 1 no desenvolvimento de aplica\u00e7\u00f5es PCL para impressoras laser. Com mais de 17 anos mercado e profissionais com mais de 20 anos de conhecimento nessa linguagem, nossa empresa pode oferecer os seguintes servi\u00e7os: \u00a0Consultoria em programa\u00e7\u00e3o PCL; \u00a0Convers\u00e3o para PCL\u2026","rel":"","context":"Post similar","block_context":{"text":"Post similar","link":""},"img":{"alt_text":"","src":"https:\/\/i0.wp.com\/www.gbnet.com.br\/v2\/images\/PCL_diagram_small.png?resize=350%2C200","width":350,"height":200},"classes":[]},{"id":1473,"url":"http:\/\/gbnet.com.br\/v3\/printevolve\/","url_meta":{"origin":1595,"position":5},"title":"PrintEvolve","author":"","date":false,"format":false,"excerpt":"A Suite PrintEvolve \u00e9 a solu\u00e7\u00e3o \u201call-in-one\u201d para qualquer organiza\u00e7\u00e3o que procura otimizar o seu ambiente de impress\u00e3o e permitir\u00e1 facilmente: Manter uma consci\u00eancia permanente de atividade das impressoras e Multi-funcionais, melhorando o controle e bilhetagem; Gerenciar proativamente a atividade do usu\u00e1rio para diminuir os custos e reduzir o desperd\u00edcio;\u2026","rel":"","context":"Post similar","block_context":{"text":"Post similar","link":""},"img":{"alt_text":"PE-job-accounting","src":"https:\/\/i0.wp.com\/www.gbnet.com.br\/blog\/wp-content\/uploads\/PEjobaccounting_thumb.png?resize=350%2C200","width":350,"height":200},"classes":[]}],"_links":{"self":[{"href":"http:\/\/gbnet.com.br\/v3\/wp-json\/wp\/v2\/pages\/1595","targetHints":{"allow":["GET"]}}],"collection":[{"href":"http:\/\/gbnet.com.br\/v3\/wp-json\/wp\/v2\/pages"}],"about":[{"href":"http:\/\/gbnet.com.br\/v3\/wp-json\/wp\/v2\/types\/page"}],"author":[{"embeddable":true,"href":"http:\/\/gbnet.com.br\/v3\/wp-json\/wp\/v2\/users\/1"}],"replies":[{"embeddable":true,"href":"http:\/\/gbnet.com.br\/v3\/wp-json\/wp\/v2\/comments?post=1595"}],"version-history":[{"count":1,"href":"http:\/\/gbnet.com.br\/v3\/wp-json\/wp\/v2\/pages\/1595\/revisions"}],"predecessor-version":[{"id":1596,"href":"http:\/\/gbnet.com.br\/v3\/wp-json\/wp\/v2\/pages\/1595\/revisions\/1596"}],"wp:attachment":[{"href":"http:\/\/gbnet.com.br\/v3\/wp-json\/wp\/v2\/media?parent=1595"}],"curies":[{"name":"wp","href":"https:\/\/api.w.org\/{rel}","templated":true}]}}