{"id":1724,"date":"2018-12-07T14:46:47","date_gmt":"2018-12-07T17:46:47","guid":{"rendered":"http:\/\/gbnet.com.br\/v3\/?page_id=1724"},"modified":"2019-01-18T16:47:52","modified_gmt":"2019-01-18T19:47:52","slug":"manipulacao-de-pdf-e-ocr","status":"publish","type":"page","link":"http:\/\/gbnet.com.br\/v3\/manipulacao-de-pdf-e-ocr\/","title":{"rendered":"Renomear PDF com OCR"},"content":{"rendered":"\n<p>Automatize os processamentos dos arquivos em PDF, aplicando Optical Character Recognition (OCR), separando os lotes de arquivos e renomeando automaticamente os arquivos&nbsp; com os dados de c\u00f3digo de barras ou campos do documento de forma r\u00e1pida e simples.<\/p>\n\n\n\n<div class=\"wp-block-image\"><figure class=\"alignleft is-resized\"><img data-recalc-dims=\"1\" loading=\"lazy\" decoding=\"async\" data-attachment-id=\"1734\" data-permalink=\"http:\/\/gbnet.com.br\/v3\/manipulacao-de-pdf-e-ocr\/attachment\/lupa\/\" data-orig-file=\"https:\/\/i0.wp.com\/gbnet.com.br\/v3\/wp-content\/uploads\/2018\/12\/LUPA.jpg?fit=620%2C620\" data-orig-size=\"620,620\" data-comments-opened=\"1\" data-image-meta=\"{&quot;aperture&quot;:&quot;0&quot;,&quot;credit&quot;:&quot;&quot;,&quot;camera&quot;:&quot;&quot;,&quot;caption&quot;:&quot;&quot;,&quot;created_timestamp&quot;:&quot;0&quot;,&quot;copyright&quot;:&quot;&quot;,&quot;focal_length&quot;:&quot;0&quot;,&quot;iso&quot;:&quot;0&quot;,&quot;shutter_speed&quot;:&quot;0&quot;,&quot;title&quot;:&quot;&quot;,&quot;orientation&quot;:&quot;0&quot;}\" data-image-title=\"LUPA\" data-image-description=\"\" data-image-caption=\"\" data-large-file=\"https:\/\/i0.wp.com\/gbnet.com.br\/v3\/wp-content\/uploads\/2018\/12\/LUPA.jpg?fit=620%2C620\" src=\"https:\/\/i0.wp.com\/gbnet.com.br\/v3\/wp-content\/uploads\/2018\/12\/LUPA.jpg?resize=136%2C136\" alt=\"\" class=\"wp-image-1734\" width=\"136\" height=\"136\" srcset=\"https:\/\/i0.wp.com\/gbnet.com.br\/v3\/wp-content\/uploads\/2018\/12\/LUPA.jpg?w=620 620w, https:\/\/i0.wp.com\/gbnet.com.br\/v3\/wp-content\/uploads\/2018\/12\/LUPA.jpg?resize=150%2C150 150w, https:\/\/i0.wp.com\/gbnet.com.br\/v3\/wp-content\/uploads\/2018\/12\/LUPA.jpg?resize=300%2C300 300w, https:\/\/i0.wp.com\/gbnet.com.br\/v3\/wp-content\/uploads\/2018\/12\/LUPA.jpg?resize=540%2C540 540w\" sizes=\"auto, (max-width: 136px) 100vw, 136px\" \/><figcaption>Busca de texto no arquivo PDF<\/figcaption><\/figure><\/div>\n\n\n\n<p>Se a sua empresa precisa renomear um grande volume de arquivos automaticamente, customizando o nome atrav\u00e9s de numero do c\u00f3digo de barras ou campos do documento<\/p>\n\n\n\n<p> N\u00f3s temos a solu\u00e7\u00e3o.<\/p>\n\n\n\n<p>O sistema funciona de diversas maneiras, ele pode monitorar um diret\u00f3rio e assim que os arquivos forem copiados para dentro dessa diret\u00f3rios, automaticamente ser\u00e3o renomeados usando os crit\u00e9rios pr\u00e9 configurados no sistema, facilitando em muito o trabalho manual que hoje muitas empresas acabam fazendo.<\/p>\n\n\n\n<figure class=\"wp-block-image\"><img data-recalc-dims=\"1\" loading=\"lazy\" decoding=\"async\" width=\"946\" height=\"619\" data-attachment-id=\"1874\" data-permalink=\"http:\/\/gbnet.com.br\/v3\/manipulacao-de-pdf-e-ocr\/attachment\/imagem-fluxo-fw\/\" data-orig-file=\"https:\/\/i0.wp.com\/gbnet.com.br\/v3\/wp-content\/uploads\/2019\/01\/Imagem-Fluxo.fw_.png?fit=946%2C619\" data-orig-size=\"946,619\" data-comments-opened=\"1\" data-image-meta=\"{&quot;aperture&quot;:&quot;0&quot;,&quot;credit&quot;:&quot;&quot;,&quot;camera&quot;:&quot;&quot;,&quot;caption&quot;:&quot;&quot;,&quot;created_timestamp&quot;:&quot;0&quot;,&quot;copyright&quot;:&quot;&quot;,&quot;focal_length&quot;:&quot;0&quot;,&quot;iso&quot;:&quot;0&quot;,&quot;shutter_speed&quot;:&quot;0&quot;,&quot;title&quot;:&quot;&quot;,&quot;orientation&quot;:&quot;0&quot;}\" data-image-title=\"Imagem-Fluxo.fw\" data-image-description=\"\" data-image-caption=\"\" data-large-file=\"https:\/\/i0.wp.com\/gbnet.com.br\/v3\/wp-content\/uploads\/2019\/01\/Imagem-Fluxo.fw_.png?fit=946%2C619\" src=\"https:\/\/i0.wp.com\/gbnet.com.br\/v3\/wp-content\/uploads\/2019\/01\/Imagem-Fluxo.fw_.png?resize=946%2C619\" alt=\"\" class=\"wp-image-1874\" srcset=\"https:\/\/i0.wp.com\/gbnet.com.br\/v3\/wp-content\/uploads\/2019\/01\/Imagem-Fluxo.fw_.png?w=946 946w, https:\/\/i0.wp.com\/gbnet.com.br\/v3\/wp-content\/uploads\/2019\/01\/Imagem-Fluxo.fw_.png?resize=300%2C196 300w, https:\/\/i0.wp.com\/gbnet.com.br\/v3\/wp-content\/uploads\/2019\/01\/Imagem-Fluxo.fw_.png?resize=768%2C503 768w, https:\/\/i0.wp.com\/gbnet.com.br\/v3\/wp-content\/uploads\/2019\/01\/Imagem-Fluxo.fw_.png?resize=540%2C353 540w\" sizes=\"auto, (max-width: 946px) 100vw, 946px\" \/><figcaption> <br>No esquema acima temos um exemplo de DACTE sendo renomeado usando Numero do C\u00f3digo de Barras e outra informa\u00e7\u00e3o. <\/figcaption><\/figure>\n\n\n\n<p>Caso tenha d\u00favida sobre a nossa solu\u00e7\u00e3o ou queira entender melhor as possibilidades de configura\u00e7\u00e3o, licenciamento e custos entre em contato conosco.<\/p>\n\n\n\n<p><\/p>\n","protected":false},"excerpt":{"rendered":"<p>Automatize os processamentos dos arquivos em PDF, aplicando Optical Character Recognition (OCR), separando os lotes de arquivos e renomeando automaticamente os arquivos&nbsp; com os dados de c\u00f3digo de barras ou campos do documento de forma r\u00e1pida e simples. Se a sua empresa precisa renomear um grande volume de arquivos automaticamente, customizando o nome atrav\u00e9s de &hellip;<\/p>\n","protected":false},"author":1,"featured_media":0,"parent":0,"menu_order":0,"comment_status":"closed","ping_status":"closed","template":"","meta":{"_acf_changed":false,"jetpack_post_was_ever_published":false,"_joinchat":[],"footnotes":""},"class_list":["post-1724","page","type-page","status-publish","hentry"],"acf":[],"yoast_head":"<!-- This site is optimized with the Yoast SEO plugin v27.4 - https:\/\/yoast.com\/product\/yoast-seo-wordpress\/ -->\n<title>Renomear PDF com OCR -<\/title>\n<meta name=\"robots\" content=\"index, follow, max-snippet:-1, max-image-preview:large, max-video-preview:-1\" \/>\n<link rel=\"canonical\" href=\"http:\/\/gbnet.com.br\/v3\/manipulacao-de-pdf-e-ocr\/\" \/>\n<meta property=\"og:locale\" content=\"pt_BR\" \/>\n<meta property=\"og:type\" content=\"article\" \/>\n<meta property=\"og:title\" content=\"Renomear PDF com OCR -\" \/>\n<meta property=\"og:description\" content=\"Automatize os processamentos dos arquivos em PDF, aplicando Optical Character Recognition (OCR), separando os lotes de arquivos e renomeando automaticamente os arquivos&nbsp; com os dados de c\u00f3digo de barras ou campos do documento de forma r\u00e1pida e simples. Se a sua empresa precisa renomear um grande volume de arquivos automaticamente, customizando o nome atrav\u00e9s de &hellip;\" \/>\n<meta property=\"og:url\" content=\"http:\/\/gbnet.com.br\/v3\/manipulacao-de-pdf-e-ocr\/\" \/>\n<meta property=\"article:modified_time\" content=\"2019-01-18T19:47:52+00:00\" \/>\n<meta property=\"og:image\" content=\"http:\/\/gbnet.com.br\/v3\/wp-content\/uploads\/2018\/12\/LUPA.jpg\" \/>\n<meta name=\"twitter:card\" content=\"summary_large_image\" \/>\n<meta name=\"twitter:label1\" content=\"Est. tempo de leitura\" \/>\n\t<meta name=\"twitter:data1\" content=\"1 minuto\" \/>\n<script type=\"application\/ld+json\" class=\"yoast-schema-graph\">{\"@context\":\"https:\\\/\\\/schema.org\",\"@graph\":[{\"@type\":\"WebPage\",\"@id\":\"http:\\\/\\\/gbnet.com.br\\\/v3\\\/manipulacao-de-pdf-e-ocr\\\/\",\"url\":\"http:\\\/\\\/gbnet.com.br\\\/v3\\\/manipulacao-de-pdf-e-ocr\\\/\",\"name\":\"Renomear PDF com OCR -\",\"isPartOf\":{\"@id\":\"http:\\\/\\\/gbnet.com.br\\\/v3\\\/#website\"},\"primaryImageOfPage\":{\"@id\":\"http:\\\/\\\/gbnet.com.br\\\/v3\\\/manipulacao-de-pdf-e-ocr\\\/#primaryimage\"},\"image\":{\"@id\":\"http:\\\/\\\/gbnet.com.br\\\/v3\\\/manipulacao-de-pdf-e-ocr\\\/#primaryimage\"},\"thumbnailUrl\":\"http:\\\/\\\/gbnet.com.br\\\/v3\\\/wp-content\\\/uploads\\\/2018\\\/12\\\/LUPA.jpg\",\"datePublished\":\"2018-12-07T17:46:47+00:00\",\"dateModified\":\"2019-01-18T19:47:52+00:00\",\"breadcrumb\":{\"@id\":\"http:\\\/\\\/gbnet.com.br\\\/v3\\\/manipulacao-de-pdf-e-ocr\\\/#breadcrumb\"},\"inLanguage\":\"pt-BR\",\"potentialAction\":[{\"@type\":\"ReadAction\",\"target\":[\"http:\\\/\\\/gbnet.com.br\\\/v3\\\/manipulacao-de-pdf-e-ocr\\\/\"]}]},{\"@type\":\"ImageObject\",\"inLanguage\":\"pt-BR\",\"@id\":\"http:\\\/\\\/gbnet.com.br\\\/v3\\\/manipulacao-de-pdf-e-ocr\\\/#primaryimage\",\"url\":\"https:\\\/\\\/i0.wp.com\\\/gbnet.com.br\\\/v3\\\/wp-content\\\/uploads\\\/2018\\\/12\\\/LUPA.jpg?fit=620%2C620\",\"contentUrl\":\"https:\\\/\\\/i0.wp.com\\\/gbnet.com.br\\\/v3\\\/wp-content\\\/uploads\\\/2018\\\/12\\\/LUPA.jpg?fit=620%2C620\",\"width\":620,\"height\":620},{\"@type\":\"BreadcrumbList\",\"@id\":\"http:\\\/\\\/gbnet.com.br\\\/v3\\\/manipulacao-de-pdf-e-ocr\\\/#breadcrumb\",\"itemListElement\":[{\"@type\":\"ListItem\",\"position\":1,\"name\":\"In\u00edcio\",\"item\":\"http:\\\/\\\/gbnet.com.br\\\/v3\\\/\"},{\"@type\":\"ListItem\",\"position\":2,\"name\":\"Renomear PDF com OCR\"}]},{\"@type\":\"WebSite\",\"@id\":\"http:\\\/\\\/gbnet.com.br\\\/v3\\\/#website\",\"url\":\"http:\\\/\\\/gbnet.com.br\\\/v3\\\/\",\"name\":\"\",\"description\":\"Transformamos dados em informa\u00e7\u00f5es - GB Network &amp; Print\",\"publisher\":{\"@id\":\"http:\\\/\\\/gbnet.com.br\\\/v3\\\/#organization\"},\"potentialAction\":[{\"@type\":\"SearchAction\",\"target\":{\"@type\":\"EntryPoint\",\"urlTemplate\":\"http:\\\/\\\/gbnet.com.br\\\/v3\\\/?s={search_term_string}\"},\"query-input\":{\"@type\":\"PropertyValueSpecification\",\"valueRequired\":true,\"valueName\":\"search_term_string\"}}],\"inLanguage\":\"pt-BR\"},{\"@type\":\"Organization\",\"@id\":\"http:\\\/\\\/gbnet.com.br\\\/v3\\\/#organization\",\"name\":\"GB Network & Print\",\"url\":\"http:\\\/\\\/gbnet.com.br\\\/v3\\\/\",\"logo\":{\"@type\":\"ImageObject\",\"inLanguage\":\"pt-BR\",\"@id\":\"http:\\\/\\\/gbnet.com.br\\\/v3\\\/#\\\/schema\\\/logo\\\/image\\\/\",\"url\":\"https:\\\/\\\/i0.wp.com\\\/gbnet.com.br\\\/v3\\\/wp-content\\\/uploads\\\/2018\\\/03\\\/logoGB-OK-e1521838575299.png?fit=120%2C122\",\"contentUrl\":\"https:\\\/\\\/i0.wp.com\\\/gbnet.com.br\\\/v3\\\/wp-content\\\/uploads\\\/2018\\\/03\\\/logoGB-OK-e1521838575299.png?fit=120%2C122\",\"width\":120,\"height\":122,\"caption\":\"GB Network & Print\"},\"image\":{\"@id\":\"http:\\\/\\\/gbnet.com.br\\\/v3\\\/#\\\/schema\\\/logo\\\/image\\\/\"}}]}<\/script>\n<!-- \/ Yoast SEO plugin. -->","yoast_head_json":{"title":"Renomear PDF com OCR -","robots":{"index":"index","follow":"follow","max-snippet":"max-snippet:-1","max-image-preview":"max-image-preview:large","max-video-preview":"max-video-preview:-1"},"canonical":"http:\/\/gbnet.com.br\/v3\/manipulacao-de-pdf-e-ocr\/","og_locale":"pt_BR","og_type":"article","og_title":"Renomear PDF com OCR -","og_description":"Automatize os processamentos dos arquivos em PDF, aplicando Optical Character Recognition (OCR), separando os lotes de arquivos e renomeando automaticamente os arquivos&nbsp; com os dados de c\u00f3digo de barras ou campos do documento de forma r\u00e1pida e simples. Se a sua empresa precisa renomear um grande volume de arquivos automaticamente, customizando o nome atrav\u00e9s de &hellip;","og_url":"http:\/\/gbnet.com.br\/v3\/manipulacao-de-pdf-e-ocr\/","article_modified_time":"2019-01-18T19:47:52+00:00","og_image":[{"url":"http:\/\/gbnet.com.br\/v3\/wp-content\/uploads\/2018\/12\/LUPA.jpg","type":"","width":"","height":""}],"twitter_card":"summary_large_image","twitter_misc":{"Est. tempo de leitura":"1 minuto"},"schema":{"@context":"https:\/\/schema.org","@graph":[{"@type":"WebPage","@id":"http:\/\/gbnet.com.br\/v3\/manipulacao-de-pdf-e-ocr\/","url":"http:\/\/gbnet.com.br\/v3\/manipulacao-de-pdf-e-ocr\/","name":"Renomear PDF com OCR -","isPartOf":{"@id":"http:\/\/gbnet.com.br\/v3\/#website"},"primaryImageOfPage":{"@id":"http:\/\/gbnet.com.br\/v3\/manipulacao-de-pdf-e-ocr\/#primaryimage"},"image":{"@id":"http:\/\/gbnet.com.br\/v3\/manipulacao-de-pdf-e-ocr\/#primaryimage"},"thumbnailUrl":"http:\/\/gbnet.com.br\/v3\/wp-content\/uploads\/2018\/12\/LUPA.jpg","datePublished":"2018-12-07T17:46:47+00:00","dateModified":"2019-01-18T19:47:52+00:00","breadcrumb":{"@id":"http:\/\/gbnet.com.br\/v3\/manipulacao-de-pdf-e-ocr\/#breadcrumb"},"inLanguage":"pt-BR","potentialAction":[{"@type":"ReadAction","target":["http:\/\/gbnet.com.br\/v3\/manipulacao-de-pdf-e-ocr\/"]}]},{"@type":"ImageObject","inLanguage":"pt-BR","@id":"http:\/\/gbnet.com.br\/v3\/manipulacao-de-pdf-e-ocr\/#primaryimage","url":"https:\/\/i0.wp.com\/gbnet.com.br\/v3\/wp-content\/uploads\/2018\/12\/LUPA.jpg?fit=620%2C620","contentUrl":"https:\/\/i0.wp.com\/gbnet.com.br\/v3\/wp-content\/uploads\/2018\/12\/LUPA.jpg?fit=620%2C620","width":620,"height":620},{"@type":"BreadcrumbList","@id":"http:\/\/gbnet.com.br\/v3\/manipulacao-de-pdf-e-ocr\/#breadcrumb","itemListElement":[{"@type":"ListItem","position":1,"name":"In\u00edcio","item":"http:\/\/gbnet.com.br\/v3\/"},{"@type":"ListItem","position":2,"name":"Renomear PDF com OCR"}]},{"@type":"WebSite","@id":"http:\/\/gbnet.com.br\/v3\/#website","url":"http:\/\/gbnet.com.br\/v3\/","name":"","description":"Transformamos dados em informa\u00e7\u00f5es - GB Network &amp; Print","publisher":{"@id":"http:\/\/gbnet.com.br\/v3\/#organization"},"potentialAction":[{"@type":"SearchAction","target":{"@type":"EntryPoint","urlTemplate":"http:\/\/gbnet.com.br\/v3\/?s={search_term_string}"},"query-input":{"@type":"PropertyValueSpecification","valueRequired":true,"valueName":"search_term_string"}}],"inLanguage":"pt-BR"},{"@type":"Organization","@id":"http:\/\/gbnet.com.br\/v3\/#organization","name":"GB Network & Print","url":"http:\/\/gbnet.com.br\/v3\/","logo":{"@type":"ImageObject","inLanguage":"pt-BR","@id":"http:\/\/gbnet.com.br\/v3\/#\/schema\/logo\/image\/","url":"https:\/\/i0.wp.com\/gbnet.com.br\/v3\/wp-content\/uploads\/2018\/03\/logoGB-OK-e1521838575299.png?fit=120%2C122","contentUrl":"https:\/\/i0.wp.com\/gbnet.com.br\/v3\/wp-content\/uploads\/2018\/03\/logoGB-OK-e1521838575299.png?fit=120%2C122","width":120,"height":122,"caption":"GB Network & Print"},"image":{"@id":"http:\/\/gbnet.com.br\/v3\/#\/schema\/logo\/image\/"}}]}},"jetpack_sharing_enabled":true,"jetpack_shortlink":"https:\/\/wp.me\/Pagaz2-rO","jetpack-related-posts":[{"id":2309,"url":"http:\/\/gbnet.com.br\/v3\/readypdf-software-para-otimizacao-de-documentos-pdf\/","url_meta":{"origin":1724,"position":0},"title":"ReadyPDF \u2013 Software para otimiza\u00e7\u00e3o de documentos PDF","author":"","date":false,"format":false,"excerpt":"ReadyPDF \u00e9 a mais recente inova\u00e7\u00e3o da Solimar, empresa americana l\u00edder em tratamento de dados, a qual a GB \u00e9 distribuidor no Brasil. Com o ReadyPDF voc\u00ea otimiza arquivos PDF para que sejam processados com mais efici\u00eancia, seja para envio por meio eletr\u00f4nico, arquivamento ou impress\u00e3o em produ\u00e7\u00e3o. O ReadyPDF\u2026","rel":"","context":"Post similar","block_context":{"text":"Post similar","link":""},"img":{"alt_text":"","src":"https:\/\/i0.wp.com\/gbnet.com.br\/v3\/wp-content\/uploads\/2021\/02\/ReadyPDF.png?resize=350%2C200","width":350,"height":200,"srcset":"https:\/\/i0.wp.com\/gbnet.com.br\/v3\/wp-content\/uploads\/2021\/02\/ReadyPDF.png?resize=350%2C200 1x, https:\/\/i0.wp.com\/gbnet.com.br\/v3\/wp-content\/uploads\/2021\/02\/ReadyPDF.png?resize=525%2C300 1.5x"},"classes":[]},{"id":1516,"url":"http:\/\/gbnet.com.br\/v3\/escapee\/","url_meta":{"origin":1724,"position":1},"title":"EscapeE","author":"","date":false,"format":false,"excerpt":"Al\u00e9m de checar a impress\u00e3o, com o\u00a0EscapeE\u00a0tamb\u00e9m \u00e9 poss\u00edvel compartilhar eletronicamente os arquivos PCL, extrair e exportar dados, re-imprimir partes de um documento e tamb\u00e9m convert\u00ea-lo para diversos formatos, como TIFF e PDF, para arquivamento, ou IMG e AFP, para impress\u00e3o em equipamentos de produ\u00e7\u00e3o Xerox e IBM. Criar um\u2026","rel":"","context":"Post similar","block_context":{"text":"Post similar","link":""},"img":{"alt_text":"","src":"https:\/\/i0.wp.com\/www.gbnet.com.br\/v2\/images\/logo_redtitan_72x60.png?resize=350%2C200","width":350,"height":200},"classes":[]},{"id":2253,"url":"http:\/\/gbnet.com.br\/v3\/codigo-de-barras-2d\/","url_meta":{"origin":1724,"position":2},"title":"C\u00f3digo de Barras 2D &#8211; Revenda Oficial da ID Automation no Brasil","author":"","date":false,"format":false,"excerpt":"Com 25 anos de experi\u00eancia no Brasil a GB tem as melhores solu\u00e7\u00f5es do mercado para gera\u00e7\u00e3o de c\u00f3digo de barras de 2 dimens\u00f5es, modelos DATAMATRIX, PDF417 e QRCODE . Somos especialistas em solu\u00e7\u00f5es de c\u00f3digo de barras e automa\u00e7\u00e3o de processos, contamos com o apoio da empresa ID Automation.\u2026","rel":"","context":"Post similar","block_context":{"text":"Post similar","link":""},"img":{"alt_text":"Data Matrix Font and Encoder Suite","src":"https:\/\/www.idautomation.com\/GetImage.ashx?Path=%7e%2fAssets%2fProductImages%2fdatamatrix-store-image.png&maintainAspectRatio=true","width":350,"height":200},"classes":[]},{"id":1560,"url":"http:\/\/gbnet.com.br\/v3\/codigo-de-barras-intercalado-2-de-5\/","url_meta":{"origin":1724,"position":3},"title":"C\u00f3digo de Barras Intercalado 2 de 5 FEBRABAN","author":"","date":false,"format":false,"excerpt":"O INTERCALADO 2 DE 5 \u00e9 o c\u00f3digo de barras padr\u00e3o da FEBRABAN no Brasil para utiliza\u00e7\u00e3o em boletos banc\u00e1rios e documentos de cobran\u00e7a. Este \u00e9 um c\u00f3digo de barras num\u00e9rico usado para codifica\u00e7\u00e3o de pares de n\u00fameros em um formato de c\u00f3digo de barras de alta densidade. Cada par\u2026","rel":"","context":"Post similar","block_context":{"text":"Post similar","link":""},"img":{"alt_text":"","src":"https:\/\/i0.wp.com\/gbnet.com.br\/v3\/wp-content\/uploads\/2022\/10\/Geracao-codigo-de-barras-caso-sucesso-fontes-bardimm-vdp-pcl-julho-22.jpg?resize=350%2C200","width":350,"height":200,"srcset":"https:\/\/i0.wp.com\/gbnet.com.br\/v3\/wp-content\/uploads\/2022\/10\/Geracao-codigo-de-barras-caso-sucesso-fontes-bardimm-vdp-pcl-julho-22.jpg?resize=350%2C200 1x, https:\/\/i0.wp.com\/gbnet.com.br\/v3\/wp-content\/uploads\/2022\/10\/Geracao-codigo-de-barras-caso-sucesso-fontes-bardimm-vdp-pcl-julho-22.jpg?resize=525%2C300 1.5x, https:\/\/i0.wp.com\/gbnet.com.br\/v3\/wp-content\/uploads\/2022\/10\/Geracao-codigo-de-barras-caso-sucesso-fontes-bardimm-vdp-pcl-julho-22.jpg?resize=700%2C400 2x, https:\/\/i0.wp.com\/gbnet.com.br\/v3\/wp-content\/uploads\/2022\/10\/Geracao-codigo-de-barras-caso-sucesso-fontes-bardimm-vdp-pcl-julho-22.jpg?resize=1050%2C600 3x"},"classes":[]},{"id":1508,"url":"http:\/\/gbnet.com.br\/v3\/gerenciamento-de-documentos\/","url_meta":{"origin":1724,"position":4},"title":"Gerenciamento de Documentos","author":"","date":false,"format":false,"excerpt":"A GB Network & Print, pioneira e l\u00edder nesse segmento, tem a solu\u00e7\u00e3o que voc\u00ea procura: Solu\u00e7\u00e3o processar, compartilhar digitalmente arquivos,\u00a0 extrair e exportar dados, re-imprimir partes de um documento e ainda convert\u00ea-lo para diversos formatos. Clique aqui para mais informa\u00e7\u00f5es... Solu\u00e7\u00e3o que permite compartilhar eletronicamente arquivos PCL, extrair e\u2026","rel":"","context":"Post similar","block_context":{"text":"Post similar","link":""},"img":{"alt_text":"","src":"https:\/\/i0.wp.com\/gbnet.com.br\/v3\/wp-content\/uploads\/2018\/06\/AccuRoute.jpg?resize=350%2C200","width":350,"height":200},"classes":[]},{"id":1510,"url":"http:\/\/gbnet.com.br\/v3\/accuroute\/","url_meta":{"origin":1724,"position":5},"title":"AccuRoute","author":"","date":false,"format":false,"excerpt":"Upland AccuRoute plataforma de captura de documentos O software AccuRoute \u00e9 uma solu\u00e7\u00e3o enterprise de workflow, que permite a organiza\u00e7\u00f5es de todos os tamanhos, capturar, processar e guardar documentos de forma centralizada. Excepcionalmente flex\u00edvel, ele faz a captura de documentos distribu\u00eddos atrav\u00e9s de uma infra-estrutura de software altamente escal\u00e1vel, com\u2026","rel":"","context":"Post similar","block_context":{"text":"Post similar","link":""},"img":{"alt_text":"","src":"https:\/\/i0.wp.com\/www.gbnet.com.br\/v2\/images\/omtool_accuroute_pdf_pesquisavel_OCR_img1.jpg?resize=350%2C200","width":350,"height":200,"srcset":"https:\/\/i0.wp.com\/www.gbnet.com.br\/v2\/images\/omtool_accuroute_pdf_pesquisavel_OCR_img1.jpg?resize=350%2C200 1x, https:\/\/i0.wp.com\/www.gbnet.com.br\/v2\/images\/omtool_accuroute_pdf_pesquisavel_OCR_img1.jpg?resize=525%2C300 1.5x"},"classes":[]}],"_links":{"self":[{"href":"http:\/\/gbnet.com.br\/v3\/wp-json\/wp\/v2\/pages\/1724","targetHints":{"allow":["GET"]}}],"collection":[{"href":"http:\/\/gbnet.com.br\/v3\/wp-json\/wp\/v2\/pages"}],"about":[{"href":"http:\/\/gbnet.com.br\/v3\/wp-json\/wp\/v2\/types\/page"}],"author":[{"embeddable":true,"href":"http:\/\/gbnet.com.br\/v3\/wp-json\/wp\/v2\/users\/1"}],"replies":[{"embeddable":true,"href":"http:\/\/gbnet.com.br\/v3\/wp-json\/wp\/v2\/comments?post=1724"}],"version-history":[{"count":10,"href":"http:\/\/gbnet.com.br\/v3\/wp-json\/wp\/v2\/pages\/1724\/revisions"}],"predecessor-version":[{"id":1875,"href":"http:\/\/gbnet.com.br\/v3\/wp-json\/wp\/v2\/pages\/1724\/revisions\/1875"}],"wp:attachment":[{"href":"http:\/\/gbnet.com.br\/v3\/wp-json\/wp\/v2\/media?parent=1724"}],"curies":[{"name":"wp","href":"https:\/\/api.w.org\/{rel}","templated":true}]}}