{"id":754,"date":"2016-04-18T11:21:18","date_gmt":"2016-04-18T11:21:18","guid":{"rendered":"https:\/\/xml-io.proteusthemes.com\/bolts\/?page_id=31"},"modified":"2025-01-08T18:04:58","modified_gmt":"2025-01-08T21:04:58","slug":"contato","status":"publish","type":"page","link":"http:\/\/gbnet.com.br\/v3\/contato\/","title":{"rendered":"Contato"},"content":{"rendered":"<div id=\"pl-754\"  class=\"panel-layout\" ><div id=\"pg-754-0\"  class=\"panel-grid panel-no-style\" ><div id=\"pgc-754-0-0\"  class=\"panel-grid-cell panel-grid-cell-empty\" ><\/div><\/div><div id=\"pg-754-1\"  class=\"panel-grid panel-no-style\" ><div id=\"pgc-754-1-0\"  class=\"panel-grid-cell panel-grid-cell-empty\" ><\/div><div id=\"pgc-754-1-1\"  class=\"panel-grid-cell\" ><div id=\"panel-754-1-1-0\" class=\"so-panel widget widget_sow-editor panel-first-child\" data-index=\"0\" ><div class=\"featured-widget panel-widget-style panel-widget-style-for-754-1-1-0\" ><div\n\t\t\t\n\t\t\tclass=\"so-widget-sow-editor so-widget-sow-editor-base\"\n\t\t\t\n\t\t>\n<div class=\"siteorigin-widget-tinymce textwidget\">\n\t<p style=\"text-align: center;\"><span class=\"icon-container\"><span class=\"fa fas fa-at fa-3x\" style=\"color:#dddddd;\"><\/span><\/span><\/p>\n<p style=\"text-align: center;\"><span style=\"color: #333333;\"><strong>Emails<\/strong><\/span><\/p>\n<p style=\"text-align: center;\"><a href=\"mailto:comercial@gbnet.com.br\"><strong>comercial@gbnet.com.br<\/strong><\/a><br \/>\n<a href=\"mailto:suporte@gbnet.com.br\"><strong>suporte@gbnet.com.br<\/strong><\/a><\/p>\n<\/div>\n<\/div><\/div><\/div><div id=\"panel-754-1-1-1\" class=\"so-panel widget widget_sow-editor\" data-index=\"1\" ><div class=\"featured-widget panel-widget-style panel-widget-style-for-754-1-1-1\" ><div\n\t\t\t\n\t\t\tclass=\"so-widget-sow-editor so-widget-sow-editor-base\"\n\t\t\t\n\t\t>\n<div class=\"siteorigin-widget-tinymce textwidget\">\n\t<p style=\"text-align: center;\"><span class=\"icon-container\"><span class=\"fa fa-phone fa-3x\" style=\"color:#dddddd;\"><\/span><\/span><\/p>\n<p style=\"text-align: center;\"><span style=\"color: #333333;\" data-darkreader-inline-color=\"\"><strong>Telefones:<br \/>\n<\/strong><\/span><span style=\"color: #333333;\" data-darkreader-inline-color=\"\"><strong>11 5535 4535<br \/>\n11 5535 4857<\/strong><\/span><\/p>\n<p style=\"text-align: center;\"><a href=\"https:\/\/api.whatsapp.com\/send\/?phone=5511948474535&amp;text&amp;type=phone_number&amp;app_absent=0\"><strong>(11) 94847-4535<\/strong> <strong style=\"color: #333333; --darkreader-inline-color: #c8c3bc;\" data-darkreader-inline-color=\"\">(WhatsApp)<\/strong><\/a><\/p>\n<p style=\"text-align: center;\"><span style=\"color: #333333;\" data-darkreader-inline-color=\"\"><strong>Skype: gbnetwork\u00a0<\/strong><\/span><\/p>\n<p>&nbsp;<\/p>\n<p>&nbsp;<\/p>\n<\/div>\n<\/div><\/div><\/div><div id=\"panel-754-1-1-2\" class=\"so-panel widget widget_sow-editor panel-last-child\" data-index=\"2\" ><div class=\"featured-widget panel-widget-style panel-widget-style-for-754-1-1-2\" ><div\n\t\t\t\n\t\t\tclass=\"so-widget-sow-editor so-widget-sow-editor-base\"\n\t\t\t\n\t\t>\n<div class=\"siteorigin-widget-tinymce textwidget\">\n\t<p style=\"text-align: center;\"><span class=\"icon-container\"><span class=\"fa fas fa-map-marker fa-3x\" style=\"color:#dddddd;\"><\/span><\/span><\/p>\n<p style=\"text-align: center;\"><span style=\"color: #333333;\"><strong>Nosso endere\u00e7o<\/strong><\/span><\/p>\n<p style=\"text-align: center;\">GB Network &amp; Print<br \/>Rua Republica do Iraque, 1329, sala 04<br \/>Campo Belo - S\u00e3o Paulo - SP<br \/>CEP 04611-002<\/p>\n<\/div>\n<\/div><\/div><\/div><\/div><div id=\"pgc-754-1-2\"  class=\"panel-grid-cell\" ><div id=\"panel-754-1-2-0\" class=\"so-panel widget widget_sow-editor panel-first-child\" data-index=\"3\" ><div\n\t\t\t\n\t\t\tclass=\"so-widget-sow-editor so-widget-sow-editor-base\"\n\t\t\t\n\t\t>\n<div class=\"siteorigin-widget-tinymce textwidget\">\n\t<h3>Envie sua mensagem.<\/h3>\n<\/div>\n<\/div><\/div><div id=\"panel-754-1-2-1\" class=\"so-panel widget widget_text panel-last-child\" data-index=\"4\" >\t\t\t<div class=\"textwidget\">\n<div class=\"wpcf7 no-js\" id=\"wpcf7-f1059-o1\" lang=\"pt-BR\" dir=\"ltr\" data-wpcf7-id=\"1059\">\n<div class=\"screen-reader-response\"><p role=\"status\" aria-live=\"polite\" aria-atomic=\"true\"><\/p> <ul><\/ul><\/div>\n<form action=\"\/v3\/wp-json\/wp\/v2\/pages\/754#wpcf7-f1059-o1\" method=\"post\" class=\"wpcf7-form init\" aria-label=\"Formul\u00e1rios de contato\" novalidate=\"novalidate\" data-status=\"init\">\n<fieldset class=\"hidden-fields-container\"><input type=\"hidden\" name=\"_wpcf7\" value=\"1059\" \/><input type=\"hidden\" name=\"_wpcf7_version\" value=\"6.1.5\" \/><input type=\"hidden\" name=\"_wpcf7_locale\" value=\"pt_BR\" \/><input type=\"hidden\" name=\"_wpcf7_unit_tag\" value=\"wpcf7-f1059-o1\" \/><input type=\"hidden\" name=\"_wpcf7_container_post\" value=\"0\" \/><input type=\"hidden\" name=\"_wpcf7_posted_data_hash\" value=\"\" \/><input type=\"hidden\" name=\"_wpcf7_recaptcha_response\" value=\"\" \/>\n<\/fieldset>\n<p><label> Nome Completo <span class=\"wpcf7-form-control-wrap\" data-name=\"your-name\"><input size=\"40\" maxlength=\"400\" class=\"wpcf7-form-control wpcf7-text wpcf7-validates-as-required\" aria-required=\"true\" aria-invalid=\"false\" value=\"\" type=\"text\" name=\"your-name\" \/><\/span> <\/label>\n<\/p>\n<p><label> Seu Email <span class=\"wpcf7-form-control-wrap\" data-name=\"your-email\"><input size=\"40\" maxlength=\"400\" class=\"wpcf7-form-control wpcf7-email wpcf7-validates-as-required wpcf7-text wpcf7-validates-as-email\" aria-required=\"true\" aria-invalid=\"false\" value=\"\" type=\"email\" name=\"your-email\" \/><\/span> <\/label>\n<\/p>\n<p><label> Nome da Empresa <span class=\"wpcf7-form-control-wrap\" data-name=\"empresa\"><input size=\"40\" maxlength=\"400\" class=\"wpcf7-form-control wpcf7-text wpcf7-validates-as-required\" aria-required=\"true\" aria-invalid=\"false\" value=\"\" type=\"text\" name=\"empresa\" \/><\/span> <\/label>\n<\/p>\n<p><label> Assunto <span class=\"wpcf7-form-control-wrap\" data-name=\"your-subject\"><input size=\"40\" maxlength=\"400\" class=\"wpcf7-form-control wpcf7-text\" aria-invalid=\"false\" value=\"\" type=\"text\" name=\"your-subject\" \/><\/span> <\/label>\n<\/p>\n<p><label> Digite sua mensagem: <span class=\"wpcf7-form-control-wrap\" data-name=\"your-message\"><textarea cols=\"40\" rows=\"10\" maxlength=\"2000\" class=\"wpcf7-form-control wpcf7-textarea\" aria-invalid=\"false\" name=\"your-message\"><\/textarea><\/span> <\/label>\n<\/p>\n<p><input class=\"wpcf7-form-control wpcf7-submit has-spinner\" type=\"submit\" value=\"Enviar\" \/>\n<\/p><p style=\"display: none !important;\" class=\"akismet-fields-container\" data-prefix=\"_wpcf7_ak_\"><label>&#916;<textarea name=\"_wpcf7_ak_hp_textarea\" cols=\"45\" rows=\"8\" maxlength=\"100\"><\/textarea><\/label><input type=\"hidden\" id=\"ak_js_1\" name=\"_wpcf7_ak_js\" value=\"6\"\/><script>document.getElementById( \"ak_js_1\" ).setAttribute( \"value\", ( new Date() ).getTime() );<\/script><\/p><div class=\"wpcf7-response-output\" aria-hidden=\"true\"><\/div>\n<\/form>\n<\/div>\n\n<\/div>\n\t\t<\/div><\/div><\/div><\/div>","protected":false},"excerpt":{"rendered":"<p>Emails comercial@gbnet.com.br suporte@gbnet.com.br Telefones: 11 5535 4535 11 5535 4857 (11) 94847-4535 (WhatsApp) Skype: gbnetwork\u00a0 &nbsp; &nbsp; Nosso endere\u00e7o GB Network &amp; PrintRua Republica do Iraque, 1329, sala 04Campo Belo &#8211; S\u00e3o Paulo &#8211; SPCEP 04611-002 Envie sua mensagem.<\/p>\n","protected":false},"author":1,"featured_media":0,"parent":0,"menu_order":0,"comment_status":"closed","ping_status":"closed","template":"","meta":{"_acf_changed":false,"jetpack_post_was_ever_published":false,"_joinchat":[],"footnotes":""},"class_list":["post-754","page","type-page","status-publish","hentry"],"acf":[],"yoast_head":"<!-- This site is optimized with the Yoast SEO plugin v27.4 - https:\/\/yoast.com\/product\/yoast-seo-wordpress\/ -->\n<title>Contato -<\/title>\n<meta name=\"robots\" content=\"index, follow, max-snippet:-1, max-image-preview:large, max-video-preview:-1\" \/>\n<link rel=\"canonical\" href=\"http:\/\/gbnet.com.br\/v3\/contato\/\" \/>\n<meta property=\"og:locale\" content=\"pt_BR\" \/>\n<meta property=\"og:type\" content=\"article\" \/>\n<meta property=\"og:title\" content=\"Contato -\" \/>\n<meta property=\"og:description\" content=\"Emails comercial@gbnet.com.br suporte@gbnet.com.br Telefones: 11 5535 4535 11 5535 4857 (11) 94847-4535 (WhatsApp) Skype: gbnetwork\u00a0 &nbsp; &nbsp; Nosso endere\u00e7o GB Network &amp; PrintRua Republica do Iraque, 1329, sala 04Campo Belo - S\u00e3o Paulo - SPCEP 04611-002 Envie sua mensagem.\" \/>\n<meta property=\"og:url\" content=\"http:\/\/gbnet.com.br\/v3\/contato\/\" \/>\n<meta property=\"article:modified_time\" content=\"2025-01-08T21:04:58+00:00\" \/>\n<meta name=\"twitter:card\" content=\"summary_large_image\" \/>\n<meta name=\"twitter:label1\" content=\"Est. tempo de leitura\" \/>\n\t<meta name=\"twitter:data1\" content=\"1 minuto\" \/>\n<script type=\"application\/ld+json\" class=\"yoast-schema-graph\">{\"@context\":\"https:\\\/\\\/schema.org\",\"@graph\":[{\"@type\":\"WebPage\",\"@id\":\"http:\\\/\\\/gbnet.com.br\\\/v3\\\/contato\\\/\",\"url\":\"http:\\\/\\\/gbnet.com.br\\\/v3\\\/contato\\\/\",\"name\":\"Contato -\",\"isPartOf\":{\"@id\":\"http:\\\/\\\/gbnet.com.br\\\/v3\\\/#website\"},\"datePublished\":\"2016-04-18T11:21:18+00:00\",\"dateModified\":\"2025-01-08T21:04:58+00:00\",\"breadcrumb\":{\"@id\":\"http:\\\/\\\/gbnet.com.br\\\/v3\\\/contato\\\/#breadcrumb\"},\"inLanguage\":\"pt-BR\",\"potentialAction\":[{\"@type\":\"ReadAction\",\"target\":[\"http:\\\/\\\/gbnet.com.br\\\/v3\\\/contato\\\/\"]}]},{\"@type\":\"BreadcrumbList\",\"@id\":\"http:\\\/\\\/gbnet.com.br\\\/v3\\\/contato\\\/#breadcrumb\",\"itemListElement\":[{\"@type\":\"ListItem\",\"position\":1,\"name\":\"In\u00edcio\",\"item\":\"http:\\\/\\\/gbnet.com.br\\\/v3\\\/\"},{\"@type\":\"ListItem\",\"position\":2,\"name\":\"Contato\"}]},{\"@type\":\"WebSite\",\"@id\":\"http:\\\/\\\/gbnet.com.br\\\/v3\\\/#website\",\"url\":\"http:\\\/\\\/gbnet.com.br\\\/v3\\\/\",\"name\":\"\",\"description\":\"Transformamos dados em informa\u00e7\u00f5es - GB Network &amp; Print\",\"publisher\":{\"@id\":\"http:\\\/\\\/gbnet.com.br\\\/v3\\\/#organization\"},\"potentialAction\":[{\"@type\":\"SearchAction\",\"target\":{\"@type\":\"EntryPoint\",\"urlTemplate\":\"http:\\\/\\\/gbnet.com.br\\\/v3\\\/?s={search_term_string}\"},\"query-input\":{\"@type\":\"PropertyValueSpecification\",\"valueRequired\":true,\"valueName\":\"search_term_string\"}}],\"inLanguage\":\"pt-BR\"},{\"@type\":\"Organization\",\"@id\":\"http:\\\/\\\/gbnet.com.br\\\/v3\\\/#organization\",\"name\":\"GB Network & Print\",\"url\":\"http:\\\/\\\/gbnet.com.br\\\/v3\\\/\",\"logo\":{\"@type\":\"ImageObject\",\"inLanguage\":\"pt-BR\",\"@id\":\"http:\\\/\\\/gbnet.com.br\\\/v3\\\/#\\\/schema\\\/logo\\\/image\\\/\",\"url\":\"https:\\\/\\\/i0.wp.com\\\/gbnet.com.br\\\/v3\\\/wp-content\\\/uploads\\\/2018\\\/03\\\/logoGB-OK-e1521838575299.png?fit=120%2C122\",\"contentUrl\":\"https:\\\/\\\/i0.wp.com\\\/gbnet.com.br\\\/v3\\\/wp-content\\\/uploads\\\/2018\\\/03\\\/logoGB-OK-e1521838575299.png?fit=120%2C122\",\"width\":120,\"height\":122,\"caption\":\"GB Network & Print\"},\"image\":{\"@id\":\"http:\\\/\\\/gbnet.com.br\\\/v3\\\/#\\\/schema\\\/logo\\\/image\\\/\"}}]}<\/script>\n<!-- \/ Yoast SEO plugin. -->","yoast_head_json":{"title":"Contato -","robots":{"index":"index","follow":"follow","max-snippet":"max-snippet:-1","max-image-preview":"max-image-preview:large","max-video-preview":"max-video-preview:-1"},"canonical":"http:\/\/gbnet.com.br\/v3\/contato\/","og_locale":"pt_BR","og_type":"article","og_title":"Contato -","og_description":"Emails comercial@gbnet.com.br suporte@gbnet.com.br Telefones: 11 5535 4535 11 5535 4857 (11) 94847-4535 (WhatsApp) Skype: gbnetwork\u00a0 &nbsp; &nbsp; Nosso endere\u00e7o GB Network &amp; PrintRua Republica do Iraque, 1329, sala 04Campo Belo - S\u00e3o Paulo - SPCEP 04611-002 Envie sua mensagem.","og_url":"http:\/\/gbnet.com.br\/v3\/contato\/","article_modified_time":"2025-01-08T21:04:58+00:00","twitter_card":"summary_large_image","twitter_misc":{"Est. tempo de leitura":"1 minuto"},"schema":{"@context":"https:\/\/schema.org","@graph":[{"@type":"WebPage","@id":"http:\/\/gbnet.com.br\/v3\/contato\/","url":"http:\/\/gbnet.com.br\/v3\/contato\/","name":"Contato -","isPartOf":{"@id":"http:\/\/gbnet.com.br\/v3\/#website"},"datePublished":"2016-04-18T11:21:18+00:00","dateModified":"2025-01-08T21:04:58+00:00","breadcrumb":{"@id":"http:\/\/gbnet.com.br\/v3\/contato\/#breadcrumb"},"inLanguage":"pt-BR","potentialAction":[{"@type":"ReadAction","target":["http:\/\/gbnet.com.br\/v3\/contato\/"]}]},{"@type":"BreadcrumbList","@id":"http:\/\/gbnet.com.br\/v3\/contato\/#breadcrumb","itemListElement":[{"@type":"ListItem","position":1,"name":"In\u00edcio","item":"http:\/\/gbnet.com.br\/v3\/"},{"@type":"ListItem","position":2,"name":"Contato"}]},{"@type":"WebSite","@id":"http:\/\/gbnet.com.br\/v3\/#website","url":"http:\/\/gbnet.com.br\/v3\/","name":"","description":"Transformamos dados em informa\u00e7\u00f5es - GB Network &amp; Print","publisher":{"@id":"http:\/\/gbnet.com.br\/v3\/#organization"},"potentialAction":[{"@type":"SearchAction","target":{"@type":"EntryPoint","urlTemplate":"http:\/\/gbnet.com.br\/v3\/?s={search_term_string}"},"query-input":{"@type":"PropertyValueSpecification","valueRequired":true,"valueName":"search_term_string"}}],"inLanguage":"pt-BR"},{"@type":"Organization","@id":"http:\/\/gbnet.com.br\/v3\/#organization","name":"GB Network & Print","url":"http:\/\/gbnet.com.br\/v3\/","logo":{"@type":"ImageObject","inLanguage":"pt-BR","@id":"http:\/\/gbnet.com.br\/v3\/#\/schema\/logo\/image\/","url":"https:\/\/i0.wp.com\/gbnet.com.br\/v3\/wp-content\/uploads\/2018\/03\/logoGB-OK-e1521838575299.png?fit=120%2C122","contentUrl":"https:\/\/i0.wp.com\/gbnet.com.br\/v3\/wp-content\/uploads\/2018\/03\/logoGB-OK-e1521838575299.png?fit=120%2C122","width":120,"height":122,"caption":"GB Network & Print"},"image":{"@id":"http:\/\/gbnet.com.br\/v3\/#\/schema\/logo\/image\/"}}]}},"jetpack_sharing_enabled":true,"jetpack_shortlink":"https:\/\/wp.me\/Pagaz2-ca","jetpack-related-posts":[{"id":1758,"url":"http:\/\/gbnet.com.br\/v3\/fontes-e-modulos-para-impressao-de-codigo-de-barras-1d-e-2-d\/","url_meta":{"origin":754,"position":0},"title":"Fontes e m\u00f3dulos para impress\u00e3o de c\u00f3digo de barras 1D e 2 D","author":"","date":false,"format":false,"excerpt":"Para impress\u00e3o de c\u00f3digo de barras temos diversas solu\u00e7\u00f5es, fontes no padr\u00e3o TrueType ou PCL, m\u00f3dulos interno em impressoras ou externos que s\u00e3o acoplados na rede, Maquina Virtual para fazer essa convers\u00e3o usando a tecnologia BARDIMM e software de dados vari\u00e1veis. Entre em contato para entendermos melhor a sua necessidade\u2026","rel":"","context":"Post similar","block_context":{"text":"Post similar","link":""},"img":{"alt_text":"","src":"https:\/\/i0.wp.com\/gbnet.com.br\/v3\/wp-content\/uploads\/2018\/12\/Solu%C3%A7%C3%B5esCodigodeBarras2.fw_.png?resize=350%2C200","width":350,"height":200,"srcset":"https:\/\/i0.wp.com\/gbnet.com.br\/v3\/wp-content\/uploads\/2018\/12\/Solu%C3%A7%C3%B5esCodigodeBarras2.fw_.png?resize=350%2C200 1x, https:\/\/i0.wp.com\/gbnet.com.br\/v3\/wp-content\/uploads\/2018\/12\/Solu%C3%A7%C3%B5esCodigodeBarras2.fw_.png?resize=525%2C300 1.5x"},"classes":[]},{"id":1585,"url":"http:\/\/gbnet.com.br\/v3\/dpr-dynamic-print-routing\/","url_meta":{"origin":754,"position":1},"title":"DPR &#8211; Dynamic Print Routing","author":"","date":false,"format":false,"excerpt":"Informa\u00e7\u00f5es B\u00e1sicas Com o DPR, para autenticar-se na sua impressora ou multifuncional utilizando a tecnologia Pull Printing, voc\u00ea pode escolher entre: digitar uma senha; usar um crach\u00e1; usar um dispositivo m\u00f3vel (smart phone ou tablet). A solu\u00e7\u00e3o Pull Printing da Capella Technologies \u00e9 democr\u00e1tica, pois d\u00e1 op\u00e7\u00f5es aos usu\u00e1rios. Veja\u2026","rel":"","context":"Post similar","block_context":{"text":"Post similar","link":""},"img":{"alt_text":"","src":"","width":0,"height":0},"classes":[]},{"id":1724,"url":"http:\/\/gbnet.com.br\/v3\/manipulacao-de-pdf-e-ocr\/","url_meta":{"origin":754,"position":2},"title":"Renomear PDF com OCR","author":"","date":false,"format":false,"excerpt":"Automatize os processamentos dos arquivos em PDF, aplicando Optical Character Recognition (OCR), separando os lotes de arquivos e renomeando automaticamente os arquivos\u00a0 com os dados de c\u00f3digo de barras ou campos do documento de forma r\u00e1pida e simples. Busca de texto no arquivo PDF Se a sua empresa precisa renomear\u2026","rel":"","context":"Post similar","block_context":{"text":"Post similar","link":""},"img":{"alt_text":"","src":"https:\/\/i0.wp.com\/gbnet.com.br\/v3\/wp-content\/uploads\/2019\/01\/Imagem-Fluxo.fw_.png?resize=350%2C200","width":350,"height":200,"srcset":"https:\/\/i0.wp.com\/gbnet.com.br\/v3\/wp-content\/uploads\/2019\/01\/Imagem-Fluxo.fw_.png?resize=350%2C200 1x, https:\/\/i0.wp.com\/gbnet.com.br\/v3\/wp-content\/uploads\/2019\/01\/Imagem-Fluxo.fw_.png?resize=525%2C300 1.5x, https:\/\/i0.wp.com\/gbnet.com.br\/v3\/wp-content\/uploads\/2019\/01\/Imagem-Fluxo.fw_.png?resize=700%2C400 2x"},"classes":[]},{"id":2745,"url":"http:\/\/gbnet.com.br\/v3\/ol-connect-planet-press\/","url_meta":{"origin":754,"position":3},"title":"OL Connect \/ Planet Press","author":"","date":false,"format":false,"excerpt":"Em 2023 foi lan\u00e7ado o software\u00a0OL Connect\u00a0nova vers\u00e3o e evolu\u00e7\u00e3o do renomado software de VDP (Variable Data Printing)\u00a0PlanetPress. Esta atualiza\u00e7\u00e3o traz uma s\u00e9rie de melhorias que aprimoram a efici\u00eancia, flexibilidade e funcionalidade do software, consolidando-o como uma ferramenta indispens\u00e1vel para empresas que buscam otimizar seus processos de impress\u00e3o e comunica\u00e7\u00e3o.\u2026","rel":"","context":"Post similar","block_context":{"text":"Post similar","link":""},"img":{"alt_text":"","src":"","width":0,"height":0},"classes":[]},{"id":1576,"url":"http:\/\/gbnet.com.br\/v3\/memorias-flash-e-ram\/","url_meta":{"origin":754,"position":4},"title":"Mem\u00f3rias Flash e RAM","author":"","date":false,"format":false,"excerpt":"Mem\u00f3rias Flash para Impressoras Laser A tecnologia de mem\u00f3ria Flash da GB fornece \u00e0s empresas uma maneira f\u00e1cil de adicionar a recursos (formul\u00e1rios eletr\u00f4nicos, fontes, c\u00f3digos de barras, etc) ao seu ambiente. As mem\u00f3rias Flash s\u00e3o mem\u00f3rias de tecnologia n\u00e3o vol\u00e1til, o que permite a regrava\u00e7\u00e3o de dados nas mesmas.\u2026","rel":"","context":"Post similar","block_context":{"text":"Post similar","link":""},"img":{"alt_text":"","src":"https:\/\/i0.wp.com\/www.gbnet.com.br\/v2\/images\/CF_diagram_small.png?resize=350%2C200","width":350,"height":200},"classes":[]},{"id":2168,"url":"http:\/\/gbnet.com.br\/v3\/planetpress\/","url_meta":{"origin":754,"position":5},"title":"Servi\u00e7os PlanetPress e OL Connect","author":"","date":false,"format":false,"excerpt":"Treinamento, capacita\u00e7\u00e3o e consultoria de PlanetPress\u00ae Connect A 25 anos no mercado de software de dados vari\u00e1veis, a GB Network \u00e9 revenda autorizada do PlanetPress\u00ae Connect no Brasil. Possu\u00edmos profissionais capacitados e com grande experi\u00eancia no produto, o que nos permitiu implementar centenas de projetos, assim como ministrar diversos treinamentos\u2026","rel":"","context":"Post similar","block_context":{"text":"Post similar","link":""},"img":{"alt_text":"","src":"https:\/\/i0.wp.com\/gbnet.com.br\/v3\/wp-content\/uploads\/2020\/07\/Logos-Planet-Plress-1.png?resize=350%2C200","width":350,"height":200,"srcset":"https:\/\/i0.wp.com\/gbnet.com.br\/v3\/wp-content\/uploads\/2020\/07\/Logos-Planet-Plress-1.png?resize=350%2C200 1x, https:\/\/i0.wp.com\/gbnet.com.br\/v3\/wp-content\/uploads\/2020\/07\/Logos-Planet-Plress-1.png?resize=525%2C300 1.5x"},"classes":[]}],"_links":{"self":[{"href":"http:\/\/gbnet.com.br\/v3\/wp-json\/wp\/v2\/pages\/754","targetHints":{"allow":["GET"]}}],"collection":[{"href":"http:\/\/gbnet.com.br\/v3\/wp-json\/wp\/v2\/pages"}],"about":[{"href":"http:\/\/gbnet.com.br\/v3\/wp-json\/wp\/v2\/types\/page"}],"author":[{"embeddable":true,"href":"http:\/\/gbnet.com.br\/v3\/wp-json\/wp\/v2\/users\/1"}],"replies":[{"embeddable":true,"href":"http:\/\/gbnet.com.br\/v3\/wp-json\/wp\/v2\/comments?post=754"}],"version-history":[{"count":45,"href":"http:\/\/gbnet.com.br\/v3\/wp-json\/wp\/v2\/pages\/754\/revisions"}],"predecessor-version":[{"id":2778,"href":"http:\/\/gbnet.com.br\/v3\/wp-json\/wp\/v2\/pages\/754\/revisions\/2778"}],"wp:attachment":[{"href":"http:\/\/gbnet.com.br\/v3\/wp-json\/wp\/v2\/media?parent=754"}],"curies":[{"name":"wp","href":"https:\/\/api.w.org\/{rel}","templated":true}]}}